{"id":5272,"date":"2026-05-10T14:18:06","date_gmt":"2026-05-10T12:18:06","guid":{"rendered":"https:\/\/cefanl.be\/?page_id=5272"},"modified":"2026-05-10T14:18:08","modified_gmt":"2026-05-10T12:18:08","slug":"journee-portes-ouvertes-au-cefa-de-bastogne","status":"publish","type":"page","link":"https:\/\/cefanl.be\/index.php\/implantations\/cefa-bastogne\/journee-portes-ouvertes-au-cefa-de-bastogne\/","title":{"rendered":"Journ\u00e9e Portes ouvertes au CEFA de Bastogne"},"content":{"rendered":"\n<figure class=\"wp-block-image size-large is-style-default\"><img loading=\"lazy\" decoding=\"async\" width=\"1024\" height=\"1024\" src=\"https:\/\/cefanl.be\/wp-content\/uploads\/2026\/05\/JPO-Bastogne-20260524-1024x1024.jpg\" alt=\"Journ\u00e9e portes ouvertes au CEFA de Bastogne le dimanche 24 mai 2026 de 14h00 \u00e0 18h00\" class=\"wp-image-5273\" srcset=\"https:\/\/cefanl.be\/wp-content\/uploads\/2026\/05\/JPO-Bastogne-20260524.jpg 1024w, https:\/\/cefanl.be\/wp-content\/uploads\/2026\/05\/JPO-Bastogne-20260524.jpg 300w, https:\/\/cefanl.be\/wp-content\/uploads\/2026\/05\/JPO-Bastogne-20260524.jpg 150w, https:\/\/cefanl.be\/wp-content\/uploads\/2026\/05\/JPO-Bastogne-20260524.jpg 768w, https:\/\/cefanl.be\/wp-content\/uploads\/2026\/05\/JPO-Bastogne-20260524.jpg 200w, https:\/\/cefanl.be\/wp-content\/uploads\/2026\/05\/JPO-Bastogne-20260524.jpg 510w, https:\/\/cefanl.be\/wp-content\/uploads\/2026\/05\/JPO-Bastogne-20260524.jpg 1080w\" sizes=\"auto, (max-width: 1024px) 100vw, 1024px\" \/><\/figure>\n\n\n\n<p>Le CEFA Nord-Luxembourg de Bastogne vous invite \u00e0 participer \u00e0 une journ\u00e9e portes ouvertes de notre implantation ce dimanche 24 mai 2026 entre 14h00 et 18h00.<\/p>\n\n\n\n<p>Nous vous invitons \u00e0 venir d\u00e9couvrir notre \u00e9cole, nos options et \u00e9changer avec nos enseignants et accompagnateurs.<\/p>\n\n\n\n<p>Portes ouvertes \u00e9galement \u00e0 l&rsquo;<a href=\"https:\/\/atheneebastogne.wixsite.com\/atheneebastogne?pgid=mobesuj7-892d848c-5f56-442c-8f3c-923ca5819a9a\">Ath\u00e9ne royal de Bastogne<\/a>.<\/p>\n\n\n\n<h3 class=\"wp-block-heading has-vivid-red-color has-text-color has-link-color wp-elements-a9b642ae3920f78293d7109117fc477e\">D\u00c9COUVERTE DE NOTRE <a href=\"https:\/\/cefanl.be\/index.php\/implantations\/cefa-bastogne\/\" type=\"page\" id=\"203\">CENTRE DE FORMATION DE BASTOGNE<\/a> ET SES <a href=\"https:\/\/cefanl.be\/index.php\/options\/\">OPTIONS<\/a> :<\/h3>\n\n\n\n<ul class=\"wp-block-list has-vivid-red-color has-text-color\">\n<li class=\"has-vivid-red-color has-text-color has-link-color wp-elements-7c3355c1a52bbc9e23b284390d5aa5c7\"><a href=\"https:\/\/cefanl.be\/index.php\/options\/auxiliaire-de-magasin\/\">Auxiliaire de magasin<\/a><\/li>\n\n\n\n<li class=\"has-vivid-red-color has-text-color has-link-color wp-elements-2959eddaa56a8005344d841045f719aa\"><a href=\"https:\/\/cefanl.be\/index.php\/formations\/monteureuse-en-chauffage-sanitaire\/\" type=\"page\" id=\"284\">Chauffage &amp; sanitaire<\/a><\/li>\n\n\n\n<li class=\"has-vivid-red-color has-text-color has-link-color wp-elements-7f80288babbdfc080c3bc6f617844682\"><a href=\"https:\/\/cefanl.be\/index.php\/formations\/cuisinierere-de-collectivites\/\" type=\"page\" id=\"237\">Cuisine de collectivit\u00e9s<\/a><\/li>\n\n\n\n<li class=\"has-vivid-red-color has-text-color has-link-color wp-elements-cd2bef7397f33f5870f8d91062f24715\"><a href=\"https:\/\/cefanl.be\/index.php\/formations\/assistante-en-soins-animaliers-5-6\/\" type=\"page\" id=\"196\">Soins animaliers<\/a><\/li>\n\n\n\n<li class=\"has-vivid-red-color has-text-color has-link-color wp-elements-fefdd08d7f8583dac1bbd0bb9aa42583\"><a href=\"https:\/\/cefanl.be\/index.php\/options\/vente\/\">Vente<\/a><\/li>\n\n\n\n<li class=\"has-vivid-red-color has-text-color has-link-color wp-elements-d7d6d4fb13528874019d678c3be039dc\"><a href=\"https:\/\/cefanl.be\/index.php\/options\/gestionnaire-de-tres-petites-entreprises\/\">7\u00e8me Gestionnaire de Tr\u00e8s Petites Entreprises<\/a><\/li>\n<\/ul>\n\n\n\n<h3 class=\"wp-block-heading has-vivid-red-color has-text-color has-link-color wp-elements-140f1dc36ba09860b46ae013013db499\">NOUVELLES OPTIONS EN TECHNIQUE DE QUALIFICATION \u00c0 PARTIR DE SEPTEMBRE 2026<\/h3>\n\n\n\n<ul class=\"wp-block-list\">\n<li class=\"has-vivid-red-color has-text-color has-link-color wp-elements-d59c8e173d5ea01412a787ba4af9399e\"><a href=\"https:\/\/cefanl.be\/index.php\/formations\/assistant-pharmaceutico-technique\/\" type=\"page\" id=\"5071\">Assistant(e) Pharmacie<\/a><\/li>\n\n\n\n<li class=\"has-vivid-red-color has-text-color has-link-color wp-elements-cd188dec35ba6983f6feaba55efc61c7\"><a href=\"https:\/\/cefanl.be\/index.php\/formations\/technicien-technicienne-de-bureau\/\" type=\"page\" id=\"5051\">Bureautique<\/a><\/li>\n\n\n\n<li class=\"has-vivid-red-color has-text-color has-link-color wp-elements-c462f618ebcc48177345e6e39482e432\"><a href=\"https:\/\/cefanl.be\/index.php\/formations\/technicien-technicienne-informatique\/\" type=\"page\" id=\"5065\">Informatique<\/a><\/li>\n\n\n\n<li class=\"has-vivid-red-color has-text-color has-link-color wp-elements-845775fecb3a2c098197d306a5267987\"><a href=\"https:\/\/cefanl.be\/index.php\/formations\/gestionnaire-en-logistique-et-transport\/\" type=\"page\" id=\"5048\">Logistique et transport<\/a><\/li>\n<\/ul>\n\n\n\n<p><\/p>\n","protected":false},"excerpt":{"rendered":"<p>Le CEFA Nord-Luxembourg de Bastogne vous invite \u00e0 participer \u00e0 une journ\u00e9e portes ouvertes de notre implantation ce dimanche 24 mai 2026 entre 14h00 et 18h00. Nous vous invitons \u00e0 venir d\u00e9couvrir notre \u00e9cole, nos options et \u00e9changer avec nos enseignants et accompagnateurs. Portes ouvertes \u00e9galement \u00e0 l&rsquo;Ath\u00e9ne royal de Bastogne. D\u00c9COUVERTE DE NOTRE CENTRE [&hellip;]<\/p>\n","protected":false},"author":1,"featured_media":5273,"parent":203,"menu_order":0,"comment_status":"closed","ping_status":"closed","template":"","meta":{"_uag_custom_page_level_css":"","footnotes":""},"class_list":["post-5272","page","type-page","status-publish","has-post-thumbnail","czr-hentry"],"yoast_head":"<!-- This site is optimized with the Yoast SEO plugin v27.5 - https:\/\/yoast.com\/product\/yoast-seo-wordpress\/ -->\n<title>Journ\u00e9e Portes ouvertes au CEFA de Bastogne - CEFA Nord-Luxembourg<\/title>\n<meta name=\"description\" content=\"Portes ouvertes CEFA Bastogne dimanche 24\/05\/26 de 14h \u00e0 18h. NEW : Assistant(e) pharmacie, bureautique, informatique, logistique et transport.\" \/>\n<meta name=\"robots\" content=\"index, follow, max-snippet:-1, max-image-preview:large, max-video-preview:-1\" \/>\n<link rel=\"canonical\" href=\"https:\/\/cefanl.be\/index.php\/implantations\/cefa-bastogne\/journee-portes-ouvertes-au-cefa-de-bastogne\/\" \/>\n<meta property=\"og:locale\" content=\"fr_FR\" \/>\n<meta property=\"og:type\" content=\"article\" \/>\n<meta property=\"og:title\" content=\"Journ\u00e9e Portes ouvertes au CEFA de Bastogne - CEFA Nord-Luxembourg\" \/>\n<meta property=\"og:description\" content=\"Portes ouvertes CEFA Bastogne dimanche 24\/05\/26 de 14h \u00e0 18h. NEW : Assistant(e) pharmacie, bureautique, informatique, logistique et transport.\" \/>\n<meta property=\"og:url\" content=\"https:\/\/cefanl.be\/index.php\/implantations\/cefa-bastogne\/journee-portes-ouvertes-au-cefa-de-bastogne\/\" \/>\n<meta property=\"og:site_name\" content=\"CEFA Nord-Luxembourg\" \/>\n<meta property=\"article:publisher\" content=\"https:\/\/www.facebook.com\/CEFA.Bastogne.Bomal.Aywaille.Erezee\/\" \/>\n<meta property=\"article:modified_time\" content=\"2026-05-10T12:18:08+00:00\" \/>\n<meta property=\"og:image\" content=\"https:\/\/cefanl.be\/wp-content\/uploads\/2026\/05\/JPO-Bastogne-20260524.jpg\" \/>\n\t<meta property=\"og:image:width\" content=\"1080\" \/>\n\t<meta property=\"og:image:height\" content=\"1080\" \/>\n\t<meta property=\"og:image:type\" content=\"image\/jpeg\" \/>\n<meta name=\"twitter:card\" content=\"summary_large_image\" \/>\n<meta name=\"twitter:label1\" content=\"Dur\u00e9e de lecture estim\u00e9e\" \/>\n\t<meta name=\"twitter:data1\" content=\"1 minute\" \/>\n<script type=\"application\/ld+json\" class=\"yoast-schema-graph\">{\"@context\":\"https:\\\/\\\/schema.org\",\"@graph\":[{\"@type\":\"WebPage\",\"@id\":\"https:\\\/\\\/cefanl.be\\\/index.php\\\/implantations\\\/cefa-bastogne\\\/journee-portes-ouvertes-au-cefa-de-bastogne\\\/\",\"url\":\"https:\\\/\\\/cefanl.be\\\/index.php\\\/implantations\\\/cefa-bastogne\\\/journee-portes-ouvertes-au-cefa-de-bastogne\\\/\",\"name\":\"Journ\u00e9e Portes ouvertes au CEFA de Bastogne - CEFA Nord-Luxembourg\",\"isPartOf\":{\"@id\":\"https:\\\/\\\/cefanl.be\\\/#website\"},\"primaryImageOfPage\":{\"@id\":\"https:\\\/\\\/cefanl.be\\\/index.php\\\/implantations\\\/cefa-bastogne\\\/journee-portes-ouvertes-au-cefa-de-bastogne\\\/#primaryimage\"},\"image\":{\"@id\":\"https:\\\/\\\/cefanl.be\\\/index.php\\\/implantations\\\/cefa-bastogne\\\/journee-portes-ouvertes-au-cefa-de-bastogne\\\/#primaryimage\"},\"thumbnailUrl\":\"https:\\\/\\\/cefanl.be\\\/wp-content\\\/uploads\\\/2026\\\/05\\\/JPO-Bastogne-20260524.jpg\",\"datePublished\":\"2026-05-10T12:18:06+00:00\",\"dateModified\":\"2026-05-10T12:18:08+00:00\",\"description\":\"Portes ouvertes CEFA Bastogne dimanche 24\\\/05\\\/26 de 14h \u00e0 18h. NEW : Assistant(e) pharmacie, bureautique, informatique, logistique et transport.\",\"breadcrumb\":{\"@id\":\"https:\\\/\\\/cefanl.be\\\/index.php\\\/implantations\\\/cefa-bastogne\\\/journee-portes-ouvertes-au-cefa-de-bastogne\\\/#breadcrumb\"},\"inLanguage\":\"fr-FR\",\"potentialAction\":[{\"@type\":\"ReadAction\",\"target\":[\"https:\\\/\\\/cefanl.be\\\/index.php\\\/implantations\\\/cefa-bastogne\\\/journee-portes-ouvertes-au-cefa-de-bastogne\\\/\"]}]},{\"@type\":\"ImageObject\",\"inLanguage\":\"fr-FR\",\"@id\":\"https:\\\/\\\/cefanl.be\\\/index.php\\\/implantations\\\/cefa-bastogne\\\/journee-portes-ouvertes-au-cefa-de-bastogne\\\/#primaryimage\",\"url\":\"https:\\\/\\\/cefanl.be\\\/wp-content\\\/uploads\\\/2026\\\/05\\\/JPO-Bastogne-20260524.jpg\",\"contentUrl\":\"https:\\\/\\\/cefanl.be\\\/wp-content\\\/uploads\\\/2026\\\/05\\\/JPO-Bastogne-20260524.jpg\",\"width\":1080,\"height\":1080},{\"@type\":\"BreadcrumbList\",\"@id\":\"https:\\\/\\\/cefanl.be\\\/index.php\\\/implantations\\\/cefa-bastogne\\\/journee-portes-ouvertes-au-cefa-de-bastogne\\\/#breadcrumb\",\"itemListElement\":[{\"@type\":\"ListItem\",\"position\":1,\"name\":\"Accueil\",\"item\":\"https:\\\/\\\/cefanl.be\\\/\"},{\"@type\":\"ListItem\",\"position\":2,\"name\":\"IMPLANTATIONS\",\"item\":\"https:\\\/\\\/cefanl.be\\\/index.php\\\/implantations\\\/\"},{\"@type\":\"ListItem\",\"position\":3,\"name\":\"CEFA BASTOGNE\",\"item\":\"https:\\\/\\\/cefanl.be\\\/index.php\\\/implantations\\\/cefa-bastogne\\\/\"},{\"@type\":\"ListItem\",\"position\":4,\"name\":\"Journ\u00e9e Portes ouvertes au CEFA de Bastogne\"}]},{\"@type\":\"WebSite\",\"@id\":\"https:\\\/\\\/cefanl.be\\\/#website\",\"url\":\"https:\\\/\\\/cefanl.be\\\/\",\"name\":\"CEFA Nord-Luxembourg\",\"description\":\"Bastogne - Bomal - Aywaille - Erez\u00e9e - Vielsalm\",\"publisher\":{\"@id\":\"https:\\\/\\\/cefanl.be\\\/#organization\"},\"potentialAction\":[{\"@type\":\"SearchAction\",\"target\":{\"@type\":\"EntryPoint\",\"urlTemplate\":\"https:\\\/\\\/cefanl.be\\\/?s={search_term_string}\"},\"query-input\":{\"@type\":\"PropertyValueSpecification\",\"valueRequired\":true,\"valueName\":\"search_term_string\"}}],\"inLanguage\":\"fr-FR\"},{\"@type\":\"Organization\",\"@id\":\"https:\\\/\\\/cefanl.be\\\/#organization\",\"name\":\"CEFA Nord-Luxembourg\",\"url\":\"https:\\\/\\\/cefanl.be\\\/\",\"logo\":{\"@type\":\"ImageObject\",\"inLanguage\":\"fr-FR\",\"@id\":\"https:\\\/\\\/cefanl.be\\\/#\\\/schema\\\/logo\\\/image\\\/\",\"url\":\"https:\\\/\\\/cefanl.be\\\/wp-content\\\/uploads\\\/2024\\\/08\\\/cropped-Logo-CEFA-TOUS-ARBH-ARMB-ARAY-Erezee-ARMV-ICET-202.jpg\",\"contentUrl\":\"https:\\\/\\\/cefanl.be\\\/wp-content\\\/uploads\\\/2024\\\/08\\\/cropped-Logo-CEFA-TOUS-ARBH-ARMB-ARAY-Erezee-ARMV-ICET-202.jpg\",\"width\":643,\"height\":526,\"caption\":\"CEFA Nord-Luxembourg\"},\"image\":{\"@id\":\"https:\\\/\\\/cefanl.be\\\/#\\\/schema\\\/logo\\\/image\\\/\"},\"sameAs\":[\"https:\\\/\\\/www.facebook.com\\\/CEFA.Bastogne.Bomal.Aywaille.Erezee\\\/\"]}]}<\/script>\n<!-- \/ Yoast SEO plugin. -->","yoast_head_json":{"title":"Journ\u00e9e Portes ouvertes au CEFA de Bastogne - CEFA Nord-Luxembourg","description":"Portes ouvertes CEFA Bastogne dimanche 24\/05\/26 de 14h \u00e0 18h. NEW : Assistant(e) pharmacie, bureautique, informatique, logistique et transport.","robots":{"index":"index","follow":"follow","max-snippet":"max-snippet:-1","max-image-preview":"max-image-preview:large","max-video-preview":"max-video-preview:-1"},"canonical":"https:\/\/cefanl.be\/index.php\/implantations\/cefa-bastogne\/journee-portes-ouvertes-au-cefa-de-bastogne\/","og_locale":"fr_FR","og_type":"article","og_title":"Journ\u00e9e Portes ouvertes au CEFA de Bastogne - CEFA Nord-Luxembourg","og_description":"Portes ouvertes CEFA Bastogne dimanche 24\/05\/26 de 14h \u00e0 18h. NEW : Assistant(e) pharmacie, bureautique, informatique, logistique et transport.","og_url":"https:\/\/cefanl.be\/index.php\/implantations\/cefa-bastogne\/journee-portes-ouvertes-au-cefa-de-bastogne\/","og_site_name":"CEFA Nord-Luxembourg","article_publisher":"https:\/\/www.facebook.com\/CEFA.Bastogne.Bomal.Aywaille.Erezee\/","article_modified_time":"2026-05-10T12:18:08+00:00","og_image":[{"width":1080,"height":1080,"url":"https:\/\/cefanl.be\/wp-content\/uploads\/2026\/05\/JPO-Bastogne-20260524.jpg","type":"image\/jpeg"}],"twitter_card":"summary_large_image","twitter_misc":{"Dur\u00e9e de lecture estim\u00e9e":"1 minute"},"schema":{"@context":"https:\/\/schema.org","@graph":[{"@type":"WebPage","@id":"https:\/\/cefanl.be\/index.php\/implantations\/cefa-bastogne\/journee-portes-ouvertes-au-cefa-de-bastogne\/","url":"https:\/\/cefanl.be\/index.php\/implantations\/cefa-bastogne\/journee-portes-ouvertes-au-cefa-de-bastogne\/","name":"Journ\u00e9e Portes ouvertes au CEFA de Bastogne - CEFA Nord-Luxembourg","isPartOf":{"@id":"https:\/\/cefanl.be\/#website"},"primaryImageOfPage":{"@id":"https:\/\/cefanl.be\/index.php\/implantations\/cefa-bastogne\/journee-portes-ouvertes-au-cefa-de-bastogne\/#primaryimage"},"image":{"@id":"https:\/\/cefanl.be\/index.php\/implantations\/cefa-bastogne\/journee-portes-ouvertes-au-cefa-de-bastogne\/#primaryimage"},"thumbnailUrl":"https:\/\/cefanl.be\/wp-content\/uploads\/2026\/05\/JPO-Bastogne-20260524.jpg","datePublished":"2026-05-10T12:18:06+00:00","dateModified":"2026-05-10T12:18:08+00:00","description":"Portes ouvertes CEFA Bastogne dimanche 24\/05\/26 de 14h \u00e0 18h. NEW : Assistant(e) pharmacie, bureautique, informatique, logistique et transport.","breadcrumb":{"@id":"https:\/\/cefanl.be\/index.php\/implantations\/cefa-bastogne\/journee-portes-ouvertes-au-cefa-de-bastogne\/#breadcrumb"},"inLanguage":"fr-FR","potentialAction":[{"@type":"ReadAction","target":["https:\/\/cefanl.be\/index.php\/implantations\/cefa-bastogne\/journee-portes-ouvertes-au-cefa-de-bastogne\/"]}]},{"@type":"ImageObject","inLanguage":"fr-FR","@id":"https:\/\/cefanl.be\/index.php\/implantations\/cefa-bastogne\/journee-portes-ouvertes-au-cefa-de-bastogne\/#primaryimage","url":"https:\/\/cefanl.be\/wp-content\/uploads\/2026\/05\/JPO-Bastogne-20260524.jpg","contentUrl":"https:\/\/cefanl.be\/wp-content\/uploads\/2026\/05\/JPO-Bastogne-20260524.jpg","width":1080,"height":1080},{"@type":"BreadcrumbList","@id":"https:\/\/cefanl.be\/index.php\/implantations\/cefa-bastogne\/journee-portes-ouvertes-au-cefa-de-bastogne\/#breadcrumb","itemListElement":[{"@type":"ListItem","position":1,"name":"Accueil","item":"https:\/\/cefanl.be\/"},{"@type":"ListItem","position":2,"name":"IMPLANTATIONS","item":"https:\/\/cefanl.be\/index.php\/implantations\/"},{"@type":"ListItem","position":3,"name":"CEFA BASTOGNE","item":"https:\/\/cefanl.be\/index.php\/implantations\/cefa-bastogne\/"},{"@type":"ListItem","position":4,"name":"Journ\u00e9e Portes ouvertes au CEFA de Bastogne"}]},{"@type":"WebSite","@id":"https:\/\/cefanl.be\/#website","url":"https:\/\/cefanl.be\/","name":"CEFA Nord-Luxembourg","description":"Bastogne - Bomal - Aywaille - Erez\u00e9e - Vielsalm","publisher":{"@id":"https:\/\/cefanl.be\/#organization"},"potentialAction":[{"@type":"SearchAction","target":{"@type":"EntryPoint","urlTemplate":"https:\/\/cefanl.be\/?s={search_term_string}"},"query-input":{"@type":"PropertyValueSpecification","valueRequired":true,"valueName":"search_term_string"}}],"inLanguage":"fr-FR"},{"@type":"Organization","@id":"https:\/\/cefanl.be\/#organization","name":"CEFA Nord-Luxembourg","url":"https:\/\/cefanl.be\/","logo":{"@type":"ImageObject","inLanguage":"fr-FR","@id":"https:\/\/cefanl.be\/#\/schema\/logo\/image\/","url":"https:\/\/cefanl.be\/wp-content\/uploads\/2024\/08\/cropped-Logo-CEFA-TOUS-ARBH-ARMB-ARAY-Erezee-ARMV-ICET-202.jpg","contentUrl":"https:\/\/cefanl.be\/wp-content\/uploads\/2024\/08\/cropped-Logo-CEFA-TOUS-ARBH-ARMB-ARAY-Erezee-ARMV-ICET-202.jpg","width":643,"height":526,"caption":"CEFA Nord-Luxembourg"},"image":{"@id":"https:\/\/cefanl.be\/#\/schema\/logo\/image\/"},"sameAs":["https:\/\/www.facebook.com\/CEFA.Bastogne.Bomal.Aywaille.Erezee\/"]}]}},"uagb_featured_image_src":{"full":["https:\/\/cefanl.be\/wp-content\/uploads\/2026\/05\/JPO-Bastogne-20260524.jpg",1080,1080,false],"thumbnail":["https:\/\/cefanl.be\/wp-content\/uploads\/2026\/05\/JPO-Bastogne-20260524.jpg",150,150,true],"medium":["https:\/\/cefanl.be\/wp-content\/uploads\/2026\/05\/JPO-Bastogne-20260524.jpg",300,300,true],"medium_large":["https:\/\/cefanl.be\/wp-content\/uploads\/2026\/05\/JPO-Bastogne-20260524.jpg",768,768,true],"large":["https:\/\/cefanl.be\/wp-content\/uploads\/2026\/05\/JPO-Bastogne-20260524.jpg",1024,1024,true],"etfrtb_logo":["https:\/\/cefanl.be\/wp-content\/uploads\/2026\/05\/JPO-Bastogne-20260524.jpg",200,200,true],"1536x1536":["https:\/\/cefanl.be\/wp-content\/uploads\/2026\/05\/JPO-Bastogne-20260524.jpg",1080,1080,true],"2048x2048":["https:\/\/cefanl.be\/wp-content\/uploads\/2026\/05\/JPO-Bastogne-20260524.jpg",1080,1080,true],"tc-grid-full":["https:\/\/cefanl.be\/wp-content\/uploads\/2026\/05\/JPO-Bastogne-20260524.jpg",1080,444,true],"tc-grid":["https:\/\/cefanl.be\/wp-content\/uploads\/2026\/05\/JPO-Bastogne-20260524.jpg",570,350,true],"tc-thumb":["https:\/\/cefanl.be\/wp-content\/uploads\/2026\/05\/JPO-Bastogne-20260524.jpg",270,250,true],"slider-full":["https:\/\/cefanl.be\/wp-content\/uploads\/2026\/05\/JPO-Bastogne-20260524.jpg",1080,500,true],"slider":["https:\/\/cefanl.be\/wp-content\/uploads\/2026\/05\/JPO-Bastogne-20260524.jpg",1080,500,true],"tc-sq-thumb":["https:\/\/cefanl.be\/wp-content\/uploads\/2026\/05\/JPO-Bastogne-20260524.jpg",510,510,true],"tc-ws-thumb":["https:\/\/cefanl.be\/wp-content\/uploads\/2026\/05\/JPO-Bastogne-20260524.jpg",1080,624,true],"tc-ws-small-thumb":["https:\/\/cefanl.be\/wp-content\/uploads\/2026\/05\/JPO-Bastogne-20260524.jpg",528,297,true],"tc-slider-small":["https:\/\/cefanl.be\/wp-content\/uploads\/2026\/05\/JPO-Bastogne-20260524.jpg",517,235,true]},"uagb_author_info":{"display_name":"Geoffrey Plat\u00e9us","author_link":"https:\/\/cefanl.be\/index.php\/author\/admin2186\/"},"uagb_comment_info":0,"uagb_excerpt":"Le CEFA Nord-Luxembourg de Bastogne vous invite \u00e0 participer \u00e0 une journ\u00e9e portes ouvertes de notre implantation ce dimanche 24 mai 2026 entre 14h00 et 18h00. Nous vous invitons \u00e0 venir d\u00e9couvrir notre \u00e9cole, nos options et \u00e9changer avec nos enseignants et accompagnateurs. Portes ouvertes \u00e9galement \u00e0 l&rsquo;Ath\u00e9ne royal de Bastogne. D\u00c9COUVERTE DE NOTRE CENTRE\u2026","jetpack_sharing_enabled":true,"_links":{"self":[{"href":"https:\/\/cefanl.be\/index.php\/wp-json\/wp\/v2\/pages\/5272","targetHints":{"allow":["GET"]}}],"collection":[{"href":"https:\/\/cefanl.be\/index.php\/wp-json\/wp\/v2\/pages"}],"about":[{"href":"https:\/\/cefanl.be\/index.php\/wp-json\/wp\/v2\/types\/page"}],"author":[{"embeddable":true,"href":"https:\/\/cefanl.be\/index.php\/wp-json\/wp\/v2\/users\/1"}],"replies":[{"embeddable":true,"href":"https:\/\/cefanl.be\/index.php\/wp-json\/wp\/v2\/comments?post=5272"}],"version-history":[{"count":1,"href":"https:\/\/cefanl.be\/index.php\/wp-json\/wp\/v2\/pages\/5272\/revisions"}],"predecessor-version":[{"id":5274,"href":"https:\/\/cefanl.be\/index.php\/wp-json\/wp\/v2\/pages\/5272\/revisions\/5274"}],"up":[{"embeddable":true,"href":"https:\/\/cefanl.be\/index.php\/wp-json\/wp\/v2\/pages\/203"}],"wp:featuredmedia":[{"embeddable":true,"href":"https:\/\/cefanl.be\/index.php\/wp-json\/wp\/v2\/media\/5273"}],"wp:attachment":[{"href":"https:\/\/cefanl.be\/index.php\/wp-json\/wp\/v2\/media?parent=5272"}],"curies":[{"name":"wp","href":"https:\/\/api.w.org\/{rel}","templated":true}]}}