{"id":43,"date":"2017-12-01T15:53:34","date_gmt":"2017-12-01T14:53:34","guid":{"rendered":"http:\/\/cefanl.be\/?page_id=43"},"modified":"2025-04-25T12:06:17","modified_gmt":"2025-04-25T10:06:17","slug":"contact","status":"publish","type":"page","link":"https:\/\/cefanl.be\/index.php\/contact\/","title":{"rendered":"CONTACT"},"content":{"rendered":"\n<p>Ci-dessous, l&rsquo;ensemble des donn\u00e9es de contact de notre CEFA et des \u00e9tablissements coop\u00e9rants.<\/p>\n\n\n\n<div class=\"wp-block-media-text alignwide is-stacked-on-mobile\" style=\"grid-template-columns:29% auto\"><figure class=\"wp-block-media-text__media\"><img loading=\"lazy\" decoding=\"async\" width=\"1024\" height=\"838\" src=\"https:\/\/cefanl.be\/wp-content\/uploads\/2017\/12\/Logo-CEFA-Nord-Luxembourg-ARBH-Bastogne-2012-transparent-1024x838.png\" alt=\"\" class=\"wp-image-13 size-full\" srcset=\"https:\/\/cefanl.be\/wp-content\/uploads\/2017\/12\/Logo-CEFA-Nord-Luxembourg-ARBH-Bastogne-2012-transparent.png 1024w, https:\/\/cefanl.be\/wp-content\/uploads\/2017\/12\/Logo-CEFA-Nord-Luxembourg-ARBH-Bastogne-2012-transparent.png 300w, https:\/\/cefanl.be\/wp-content\/uploads\/2017\/12\/Logo-CEFA-Nord-Luxembourg-ARBH-Bastogne-2012-transparent.png 768w, https:\/\/cefanl.be\/wp-content\/uploads\/2017\/12\/Logo-CEFA-Nord-Luxembourg-ARBH-Bastogne-2012-transparent.png 1948w\" sizes=\"auto, (max-width: 1024px) 100vw, 1024px\" \/><\/figure><div class=\"wp-block-media-text__content\">\n<h3 class=\"wp-block-heading has-text-align-center font_6\"><a href=\"https:\/\/cefanl.be\/index.php\/implantations\/cefa-bastogne\/\"><span class=\"wixGuard\">\u200b<\/span>BASTOGNE (si\u00e8ge)<\/a><\/h3>\n\n\n\n<p class=\"has-text-align-center font_8\"><span class=\"color_15\">Av. de la Gare, 12<br><\/span><span class=\"color_15\">6600 Bastogne<\/span><\/p>\n\n\n\n<p class=\"has-text-align-center font_8\"><span class=\"color_15\">T\u00e9l : 061 216 668<\/span><\/p>\n\n\n\n<p class=\"has-text-align-center font_8\"><a href=\"mailto:bastogne@cefanl.be\">bastogne@cefanl.be<\/a><\/p>\n\n\n\t\t\t<div \n\t\t\tclass=\"wp-block-uagb-google-map uagb-google-map__wrap uagb-block-720e34fc     \"\n\t\t\tstyle=\"\" >\n\t\t\t\t<embed\n\t\t\t\t\tclass=\"uagb-google-map__iframe\"\n\t\t\t\t\ttitle=\"Carte Google pour \"\n\t\t\t\t\tsrc=\"https:\/\/maps.google.com\/maps?q=cefa%20nord%20luxembourg%20bastogne&#038;z=12&#038;hl=en&#038;t=m&#038;output=embed&#038;iwloc=near\"\n\t\t\t\t\twidth=\"640\"\n\t\t\t\t\theight=\"120\"\n\t\t\t\t\tloading=\"lazy\"\n\t\t\t\t><\/embed>\n\t\t\t<\/div>\n\t\t\t<\/div><\/div>\n\n\n\n<div class=\"wp-block-media-text alignwide is-stacked-on-mobile\" style=\"grid-template-columns:29% auto\"><figure class=\"wp-block-media-text__media\"><img loading=\"lazy\" decoding=\"async\" width=\"1024\" height=\"838\" src=\"https:\/\/cefanl.be\/wp-content\/uploads\/2020\/04\/Logo-CEFA-Nord-Luxembourg-ARMB-Bomal-2014-1024x838.png\" alt=\"\" class=\"wp-image-393 size-full\" srcset=\"https:\/\/cefanl.be\/wp-content\/uploads\/2020\/04\/Logo-CEFA-Nord-Luxembourg-ARMB-Bomal-2014.png 1024w, https:\/\/cefanl.be\/wp-content\/uploads\/2020\/04\/Logo-CEFA-Nord-Luxembourg-ARMB-Bomal-2014.png 300w, https:\/\/cefanl.be\/wp-content\/uploads\/2020\/04\/Logo-CEFA-Nord-Luxembourg-ARMB-Bomal-2014.png 768w, https:\/\/cefanl.be\/wp-content\/uploads\/2020\/04\/Logo-CEFA-Nord-Luxembourg-ARMB-Bomal-2014.png 1536w, https:\/\/cefanl.be\/wp-content\/uploads\/2020\/04\/Logo-CEFA-Nord-Luxembourg-ARMB-Bomal-2014.png 1948w\" sizes=\"auto, (max-width: 1024px) 100vw, 1024px\" \/><\/figure><div class=\"wp-block-media-text__content\">\n<h3 class=\"wp-block-heading has-text-align-center font_5 has-vivid-red-color has-text-color\"><a href=\"https:\/\/cefanl.be\/index.php\/implantations\/bomal\/\">BOMAL<\/a><\/h3>\n\n\n\n<p class=\"has-text-align-center font_8\"><span class=\"color_15\">Rue du Nofiot, 1<br><\/span><span class=\"color_15\">6941 Bomal-sur-Ourthe <\/span><\/p>\n\n\n\n<p class=\"has-text-align-center font_8\"><span class=\"color_15\">T\u00e9l : 086 219 124 <\/span><\/p>\n\n\n\n<p class=\"has-text-align-center font_8\"><a href=\"mailto:bomal@cefanl.be\">bomal@cefanl.be<\/a><\/p>\n\n\n\t\t\t<div \n\t\t\tclass=\"wp-block-uagb-google-map uagb-google-map__wrap uagb-block-d90af5e9     \"\n\t\t\tstyle=\"\" >\n\t\t\t\t<embed\n\t\t\t\t\tclass=\"uagb-google-map__iframe\"\n\t\t\t\t\ttitle=\"Carte Google pour \"\n\t\t\t\t\tsrc=\"https:\/\/maps.google.com\/maps?q=cefa%20bomal&#038;z=12&#038;hl=en&#038;t=m&#038;output=embed&#038;iwloc=near\"\n\t\t\t\t\twidth=\"640\"\n\t\t\t\t\theight=\"120\"\n\t\t\t\t\tloading=\"lazy\"\n\t\t\t\t><\/embed>\n\t\t\t<\/div>\n\t\t\t\n\n\n<p><\/p>\n<\/div><\/div>\n\n\n\n<div class=\"wp-block-media-text alignwide is-stacked-on-mobile\" style=\"grid-template-columns:29% auto\"><figure class=\"wp-block-media-text__media\"><img loading=\"lazy\" decoding=\"async\" width=\"1024\" height=\"838\" src=\"https:\/\/cefanl.be\/wp-content\/uploads\/2021\/06\/Logo-CEFA-NL-AR-Princesse-Elisabeth-Aywaille-2021-1024x838.jpg\" alt=\"\" class=\"wp-image-1560 size-full\" srcset=\"https:\/\/cefanl.be\/wp-content\/uploads\/2021\/06\/Logo-CEFA-NL-AR-Princesse-Elisabeth-Aywaille-2021.jpg 1024w, https:\/\/cefanl.be\/wp-content\/uploads\/2021\/06\/Logo-CEFA-NL-AR-Princesse-Elisabeth-Aywaille-2021.jpg 300w, https:\/\/cefanl.be\/wp-content\/uploads\/2021\/06\/Logo-CEFA-NL-AR-Princesse-Elisabeth-Aywaille-2021.jpg 768w, https:\/\/cefanl.be\/wp-content\/uploads\/2021\/06\/Logo-CEFA-NL-AR-Princesse-Elisabeth-Aywaille-2021.jpg 1536w, https:\/\/cefanl.be\/wp-content\/uploads\/2021\/06\/Logo-CEFA-NL-AR-Princesse-Elisabeth-Aywaille-2021.jpg 1948w\" sizes=\"auto, (max-width: 1024px) 100vw, 1024px\" \/><\/figure><div class=\"wp-block-media-text__content\">\n<h3 class=\"wp-block-heading has-text-align-center has-vivid-red-color has-text-color\"><a href=\"https:\/\/cefanl.be\/index.php\/implantations\/aywaille\/\">AYWAILLE<\/a><\/h3>\n\n\n\n<p class=\"has-text-align-center\">AV. Fran\u00e7ois Cornesse, 48<br>4920 AYWAILLE<br>T\u00c9L : 04 384 42 45<\/p>\n\n\n\n<p class=\"has-text-align-center\"><a href=\"mailto:aywaille@cefanl.be\">aywaille@cefanl.be<\/a><\/p>\n\n\n\t\t\t<div \n\t\t\tclass=\"wp-block-uagb-google-map uagb-google-map__wrap uagb-block-b05329c0     \"\n\t\t\tstyle=\"\" >\n\t\t\t\t<embed\n\t\t\t\t\tclass=\"uagb-google-map__iframe\"\n\t\t\t\t\ttitle=\"Carte Google pour \"\n\t\t\t\t\tsrc=\"https:\/\/maps.google.com\/maps?q=ath%C3%A9n%C3%A9e%20aywaille&#038;z=12&#038;hl=en&#038;t=m&#038;output=embed&#038;iwloc=near\"\n\t\t\t\t\twidth=\"640\"\n\t\t\t\t\theight=\"120\"\n\t\t\t\t\tloading=\"lazy\"\n\t\t\t\t><\/embed>\n\t\t\t<\/div>\n\t\t\t\n\n\n<p><\/p>\n<\/div><\/div>\n\n\n\n<div class=\"wp-block-media-text alignwide is-stacked-on-mobile\" style=\"grid-template-columns:29% auto\"><figure class=\"wp-block-media-text__media\"><img loading=\"lazy\" decoding=\"async\" width=\"1024\" height=\"838\" src=\"https:\/\/cefanl.be\/wp-content\/uploads\/2020\/04\/Logo-CEFA-Nord-Luxembourg-EPSI-Erez\u00e9e-2013-1024x838.jpg\" alt=\"\" class=\"wp-image-395 size-full\" srcset=\"https:\/\/cefanl.be\/wp-content\/uploads\/2020\/04\/Logo-CEFA-Nord-Luxembourg-EPSI-Erez\u00e9e-2013.jpg 1024w, https:\/\/cefanl.be\/wp-content\/uploads\/2020\/04\/Logo-CEFA-Nord-Luxembourg-EPSI-Erez\u00e9e-2013.jpg 300w, https:\/\/cefanl.be\/wp-content\/uploads\/2020\/04\/Logo-CEFA-Nord-Luxembourg-EPSI-Erez\u00e9e-2013.jpg 768w, https:\/\/cefanl.be\/wp-content\/uploads\/2020\/04\/Logo-CEFA-Nord-Luxembourg-EPSI-Erez\u00e9e-2013.jpg 1536w, https:\/\/cefanl.be\/wp-content\/uploads\/2020\/04\/Logo-CEFA-Nord-Luxembourg-EPSI-Erez\u00e9e-2013.jpg 1948w\" sizes=\"auto, (max-width: 1024px) 100vw, 1024px\" \/><\/figure><div class=\"wp-block-media-text__content\">\n<h3 class=\"wp-block-heading has-text-align-center has-vivid-red-color has-text-color\"><a href=\"https:\/\/cefanl.be\/index.php\/implantations\/erezee\/\">EREZ\u00c9E<\/a><\/h3>\n\n\n\n<p class=\"has-text-align-center\">EPSI VAL D\u2019AISNE<br>Briscol 12<br>6997 EREZ\u00c9E<br>T\u00c9L : 086 349 483<\/p>\n\n\n\n<p class=\"has-text-align-center\"><a href=\"mailto:erezee@cefanl.be\">erezee@cefanl.be<\/a><\/p>\n\n\n\t\t\t<div \n\t\t\tclass=\"wp-block-uagb-google-map uagb-google-map__wrap uagb-block-b38a480b     \"\n\t\t\tstyle=\"\" >\n\t\t\t\t<embed\n\t\t\t\t\tclass=\"uagb-google-map__iframe\"\n\t\t\t\t\ttitle=\"Carte Google pour \"\n\t\t\t\t\tsrc=\"https:\/\/maps.google.com\/maps?q=Ecole%20du%20val%20d%27aisne&#038;z=12&#038;hl=fr&#038;t=m&#038;output=embed&#038;iwloc=near\"\n\t\t\t\t\twidth=\"640\"\n\t\t\t\t\theight=\"120\"\n\t\t\t\t\tloading=\"lazy\"\n\t\t\t\t><\/embed>\n\t\t\t<\/div>\n\t\t\t\n\n\n<p><\/p>\n<\/div><\/div>\n\n\n\n<div class=\"wp-block-media-text alignwide is-stacked-on-mobile\" style=\"grid-template-columns:29% auto\"><figure class=\"wp-block-media-text__media\"><img loading=\"lazy\" decoding=\"async\" width=\"1948\" height=\"1595\" src=\"https:\/\/cefanl.be\/wp-content\/uploads\/2024\/08\/Logo-CEFA-NL-AR-Vielsalm-2024.png\" alt=\"CEFA Vielsalm\" class=\"wp-image-3803 size-full\" srcset=\"https:\/\/cefanl.be\/wp-content\/uploads\/2024\/08\/Logo-CEFA-NL-AR-Vielsalm-2024.png 1948w, https:\/\/cefanl.be\/wp-content\/uploads\/2024\/08\/Logo-CEFA-NL-AR-Vielsalm-2024.png 300w, https:\/\/cefanl.be\/wp-content\/uploads\/2024\/08\/Logo-CEFA-NL-AR-Vielsalm-2024.png 1024w, https:\/\/cefanl.be\/wp-content\/uploads\/2024\/08\/Logo-CEFA-NL-AR-Vielsalm-2024.png 768w, https:\/\/cefanl.be\/wp-content\/uploads\/2024\/08\/Logo-CEFA-NL-AR-Vielsalm-2024.png 200w, https:\/\/cefanl.be\/wp-content\/uploads\/2024\/08\/Logo-CEFA-NL-AR-Vielsalm-2024.png 1536w\" sizes=\"auto, (max-width: 1140px) 100vw, 1140px\" \/><\/figure><div class=\"wp-block-media-text__content\">\n<h3 class=\"wp-block-heading has-text-align-center has-vivid-red-color has-text-color\"><a href=\"https:\/\/cefanl.be\/index.php\/implantations\/cefa-vielsalm\/\">VIELSALM<\/a><\/h3>\n\n\n\n<p class=\"has-text-align-center\">Rue des Chasseurs Ardennais, 1<br>6990 VIELSALM<br>T\u00c9L : 086 21 91 24<\/p>\n\n\n\n<p class=\"has-text-align-center\"><a href=\"mailto:erezee@cefanl.be\">vielsalm@cefanl.be<\/a><\/p>\n\n\n\t\t\t<div \n\t\t\tclass=\"wp-block-uagb-google-map uagb-google-map__wrap uagb-block-63cf3177     \"\n\t\t\tstyle=\"\" >\n\t\t\t\t<embed\n\t\t\t\t\tclass=\"uagb-google-map__iframe\"\n\t\t\t\t\ttitle=\"Carte Google pour \"\n\t\t\t\t\tsrc=\"https:\/\/maps.google.com\/maps?q=cefa%20vielsalm&#038;z=12&#038;hl=fr&#038;t=m&#038;output=embed&#038;iwloc=near\"\n\t\t\t\t\twidth=\"640\"\n\t\t\t\t\theight=\"120\"\n\t\t\t\t\tloading=\"lazy\"\n\t\t\t\t><\/embed>\n\t\t\t<\/div>\n\t\t\t\n\n\n<p><\/p>\n<\/div><\/div>\n\n\n<div class=\"wp-block-jetpack-contact-form is-layout-flex wp-container-jetpack-contact-form-is-layout-faa3ad1c wp-block-jetpack-contact-form-is-layout-flex\"><a href=\"https:\/\/cefanl.be\/index.php\/contact\/\" target=\"_blank\" rel=\"noopener noreferrer\">Soumettre un formulaire.<\/a><\/div>\n\n\n<div class=\"wp-block-columns is-layout-flex wp-container-core-columns-is-layout-9d6595d7 wp-block-columns-is-layout-flex\">\n<div class=\"wp-block-column is-layout-flow wp-block-column-is-layout-flow\"><div class=\"wp-block-image\">\n<figure class=\"aligncenter size-large\"><a href=\"https:\/\/www.w-b-e.be\/\" target=\"_blank\" rel=\"noopener noreferrer\"><img loading=\"lazy\" decoding=\"async\" width=\"150\" height=\"137\" src=\"https:\/\/cefanl.be\/wp-content\/uploads\/2020\/05\/logoWBE_150x137.jpg\" alt=\"\" class=\"wp-image-1135\"\/><\/a><\/figure>\n<\/div><\/div>\n\n\n\n<div class=\"wp-block-column is-layout-flow wp-block-column-is-layout-flow\"><\/div>\n\n\n\n<div class=\"wp-block-column is-layout-flow wp-block-column-is-layout-flow\"><div class=\"wp-block-image\">\n<figure class=\"aligncenter size-large is-resized\"><a href=\"https:\/\/www.formationalternance.be\/home.html\" target=\"_blank\" rel=\"noopener noreferrer\"><img loading=\"lazy\" decoding=\"async\" width=\"729\" height=\"483\" src=\"https:\/\/cefanl.be\/wp-content\/uploads\/2020\/05\/OFFA_Logo_Pos_RGB.png\" alt=\"\" class=\"wp-image-1136\" style=\"width:245px;height:162px\" srcset=\"https:\/\/cefanl.be\/wp-content\/uploads\/2020\/05\/OFFA_Logo_Pos_RGB.png 729w, https:\/\/cefanl.be\/wp-content\/uploads\/2020\/05\/OFFA_Logo_Pos_RGB.png 300w\" sizes=\"auto, (max-width: 729px) 100vw, 729px\" \/><\/a><\/figure>\n<\/div><\/div>\n<\/div>\n\n\n\n<h5 class=\"wp-block-heading has-text-align-center has-vivid-red-color has-text-color\">Retrouvez la liste des CEFA de Wallonie-Bruxelles Enseignement via le lien ci-dessous<\/h5>\n\n\n\n<p class=\"has-text-align-center\"><a href=\"https:\/\/www.wbe.be\/nos-ecoles\/enseignement-secondaire\/nos-centres-deducation-et-de-formation-en-alternance-cefa\/\" target=\"_blank\" rel=\"noreferrer noopener\">CEFA WB-E<\/a><\/p>\n\n\n\n<p><a href=\"https:\/\/cefanl.be\/index.php\/politique-de-confidentialite\/\">Politique de confidentialit\u00e9<\/a><\/p>\n\n\n\n<p><\/p>\n","protected":false},"excerpt":{"rendered":"<p>Ci-dessous, l&rsquo;ensemble des donn\u00e9es de contact de notre CEFA et des \u00e9tablissements coop\u00e9rants. Retrouvez la liste des CEFA de Wallonie-Bruxelles Enseignement via le lien ci-dessous CEFA WB-E Politique de confidentialit\u00e9<\/p>\n","protected":false},"author":1,"featured_media":271,"parent":0,"menu_order":0,"comment_status":"closed","ping_status":"closed","template":"","meta":{"_uag_custom_page_level_css":"","footnotes":""},"class_list":["post-43","page","type-page","status-publish","has-post-thumbnail","czr-hentry"],"yoast_head":"<!-- This site is optimized with the Yoast SEO plugin v27.5 - https:\/\/yoast.com\/product\/yoast-seo-wordpress\/ -->\n<title>CONTACT CEFA Nord-Luxembourg - Bastogne - Bomal - Aywaille - Erez\u00e9e<\/title>\n<meta name=\"description\" content=\"Retrouvez nos coordonn\u00e9es et toutes les informations de contact du CEFA Nord-Luxembourg - Bastogne - Bomal - Aywaille - Erez\u00e9e\" \/>\n<meta name=\"robots\" content=\"index, follow, max-snippet:-1, max-image-preview:large, max-video-preview:-1\" \/>\n<link rel=\"canonical\" href=\"https:\/\/cefanl.be\/index.php\/contact\/\" \/>\n<meta property=\"og:locale\" content=\"fr_FR\" \/>\n<meta property=\"og:type\" content=\"article\" \/>\n<meta property=\"og:title\" content=\"CONTACT CEFA Nord-Luxembourg - Bastogne - Bomal - Aywaille - Erez\u00e9e\" \/>\n<meta property=\"og:description\" content=\"Retrouvez nos coordonn\u00e9es et toutes les informations de contact du CEFA Nord-Luxembourg - Bastogne - Bomal - Aywaille - Erez\u00e9e\" \/>\n<meta property=\"og:url\" content=\"https:\/\/cefanl.be\/index.php\/contact\/\" \/>\n<meta property=\"og:site_name\" content=\"CEFA Nord-Luxembourg\" \/>\n<meta property=\"article:publisher\" content=\"https:\/\/www.facebook.com\/CEFA.Bastogne.Bomal.Aywaille.Erezee\/\" \/>\n<meta property=\"article:modified_time\" content=\"2025-04-25T10:06:17+00:00\" \/>\n<meta property=\"og:image\" content=\"https:\/\/cefanl.be\/wp-content\/uploads\/2020\/03\/cropped-Logo-CEFA-NL-TOUS-ARBH-ARMB-ARAY-Erez\u00e9e-2020.jpg\" \/>\n\t<meta property=\"og:image:width\" content=\"1948\" \/>\n\t<meta property=\"og:image:height\" content=\"1595\" \/>\n\t<meta property=\"og:image:type\" content=\"image\/jpeg\" \/>\n<meta name=\"twitter:card\" content=\"summary_large_image\" \/>\n<meta name=\"twitter:label1\" content=\"Dur\u00e9e de lecture estim\u00e9e\" \/>\n\t<meta name=\"twitter:data1\" content=\"3 minutes\" \/>\n<script type=\"application\/ld+json\" class=\"yoast-schema-graph\">{\"@context\":\"https:\\\/\\\/schema.org\",\"@graph\":[{\"@type\":\"WebPage\",\"@id\":\"https:\\\/\\\/cefanl.be\\\/index.php\\\/contact\\\/\",\"url\":\"https:\\\/\\\/cefanl.be\\\/index.php\\\/contact\\\/\",\"name\":\"CONTACT CEFA Nord-Luxembourg - Bastogne - Bomal - Aywaille - Erez\u00e9e\",\"isPartOf\":{\"@id\":\"https:\\\/\\\/cefanl.be\\\/#website\"},\"primaryImageOfPage\":{\"@id\":\"https:\\\/\\\/cefanl.be\\\/index.php\\\/contact\\\/#primaryimage\"},\"image\":{\"@id\":\"https:\\\/\\\/cefanl.be\\\/index.php\\\/contact\\\/#primaryimage\"},\"thumbnailUrl\":\"https:\\\/\\\/cefanl.be\\\/wp-content\\\/uploads\\\/2020\\\/03\\\/cropped-Logo-CEFA-NL-TOUS-ARBH-ARMB-ARAY-Erez\u00e9e-2020.jpg\",\"datePublished\":\"2017-12-01T14:53:34+00:00\",\"dateModified\":\"2025-04-25T10:06:17+00:00\",\"description\":\"Retrouvez nos coordonn\u00e9es et toutes les informations de contact du CEFA Nord-Luxembourg - Bastogne - Bomal - Aywaille - Erez\u00e9e\",\"breadcrumb\":{\"@id\":\"https:\\\/\\\/cefanl.be\\\/index.php\\\/contact\\\/#breadcrumb\"},\"inLanguage\":\"fr-FR\",\"potentialAction\":[{\"@type\":\"ReadAction\",\"target\":[\"https:\\\/\\\/cefanl.be\\\/index.php\\\/contact\\\/\"]}]},{\"@type\":\"ImageObject\",\"inLanguage\":\"fr-FR\",\"@id\":\"https:\\\/\\\/cefanl.be\\\/index.php\\\/contact\\\/#primaryimage\",\"url\":\"https:\\\/\\\/cefanl.be\\\/wp-content\\\/uploads\\\/2020\\\/03\\\/cropped-Logo-CEFA-NL-TOUS-ARBH-ARMB-ARAY-Erez\u00e9e-2020.jpg\",\"contentUrl\":\"https:\\\/\\\/cefanl.be\\\/wp-content\\\/uploads\\\/2020\\\/03\\\/cropped-Logo-CEFA-NL-TOUS-ARBH-ARMB-ARAY-Erez\u00e9e-2020.jpg\",\"width\":1948,\"height\":1595},{\"@type\":\"BreadcrumbList\",\"@id\":\"https:\\\/\\\/cefanl.be\\\/index.php\\\/contact\\\/#breadcrumb\",\"itemListElement\":[{\"@type\":\"ListItem\",\"position\":1,\"name\":\"Accueil\",\"item\":\"https:\\\/\\\/cefanl.be\\\/\"},{\"@type\":\"ListItem\",\"position\":2,\"name\":\"CONTACT\"}]},{\"@type\":\"WebSite\",\"@id\":\"https:\\\/\\\/cefanl.be\\\/#website\",\"url\":\"https:\\\/\\\/cefanl.be\\\/\",\"name\":\"CEFA Nord-Luxembourg\",\"description\":\"Bastogne - Bomal - Aywaille - Erez\u00e9e - Vielsalm\",\"publisher\":{\"@id\":\"https:\\\/\\\/cefanl.be\\\/#organization\"},\"potentialAction\":[{\"@type\":\"SearchAction\",\"target\":{\"@type\":\"EntryPoint\",\"urlTemplate\":\"https:\\\/\\\/cefanl.be\\\/?s={search_term_string}\"},\"query-input\":{\"@type\":\"PropertyValueSpecification\",\"valueRequired\":true,\"valueName\":\"search_term_string\"}}],\"inLanguage\":\"fr-FR\"},{\"@type\":\"Organization\",\"@id\":\"https:\\\/\\\/cefanl.be\\\/#organization\",\"name\":\"CEFA Nord-Luxembourg\",\"url\":\"https:\\\/\\\/cefanl.be\\\/\",\"logo\":{\"@type\":\"ImageObject\",\"inLanguage\":\"fr-FR\",\"@id\":\"https:\\\/\\\/cefanl.be\\\/#\\\/schema\\\/logo\\\/image\\\/\",\"url\":\"https:\\\/\\\/cefanl.be\\\/wp-content\\\/uploads\\\/2024\\\/08\\\/cropped-Logo-CEFA-TOUS-ARBH-ARMB-ARAY-Erezee-ARMV-ICET-202.jpg\",\"contentUrl\":\"https:\\\/\\\/cefanl.be\\\/wp-content\\\/uploads\\\/2024\\\/08\\\/cropped-Logo-CEFA-TOUS-ARBH-ARMB-ARAY-Erezee-ARMV-ICET-202.jpg\",\"width\":643,\"height\":526,\"caption\":\"CEFA Nord-Luxembourg\"},\"image\":{\"@id\":\"https:\\\/\\\/cefanl.be\\\/#\\\/schema\\\/logo\\\/image\\\/\"},\"sameAs\":[\"https:\\\/\\\/www.facebook.com\\\/CEFA.Bastogne.Bomal.Aywaille.Erezee\\\/\"]}]}<\/script>\n<!-- \/ Yoast SEO plugin. -->","yoast_head_json":{"title":"CONTACT CEFA Nord-Luxembourg - Bastogne - Bomal - Aywaille - Erez\u00e9e","description":"Retrouvez nos coordonn\u00e9es et toutes les informations de contact du CEFA Nord-Luxembourg - Bastogne - Bomal - Aywaille - Erez\u00e9e","robots":{"index":"index","follow":"follow","max-snippet":"max-snippet:-1","max-image-preview":"max-image-preview:large","max-video-preview":"max-video-preview:-1"},"canonical":"https:\/\/cefanl.be\/index.php\/contact\/","og_locale":"fr_FR","og_type":"article","og_title":"CONTACT CEFA Nord-Luxembourg - Bastogne - Bomal - Aywaille - Erez\u00e9e","og_description":"Retrouvez nos coordonn\u00e9es et toutes les informations de contact du CEFA Nord-Luxembourg - Bastogne - Bomal - Aywaille - Erez\u00e9e","og_url":"https:\/\/cefanl.be\/index.php\/contact\/","og_site_name":"CEFA Nord-Luxembourg","article_publisher":"https:\/\/www.facebook.com\/CEFA.Bastogne.Bomal.Aywaille.Erezee\/","article_modified_time":"2025-04-25T10:06:17+00:00","og_image":[{"width":1948,"height":1595,"url":"https:\/\/cefanl.be\/wp-content\/uploads\/2020\/03\/cropped-Logo-CEFA-NL-TOUS-ARBH-ARMB-ARAY-Erez\u00e9e-2020.jpg","type":"image\/jpeg"}],"twitter_card":"summary_large_image","twitter_misc":{"Dur\u00e9e de lecture estim\u00e9e":"3 minutes"},"schema":{"@context":"https:\/\/schema.org","@graph":[{"@type":"WebPage","@id":"https:\/\/cefanl.be\/index.php\/contact\/","url":"https:\/\/cefanl.be\/index.php\/contact\/","name":"CONTACT CEFA Nord-Luxembourg - Bastogne - Bomal - Aywaille - Erez\u00e9e","isPartOf":{"@id":"https:\/\/cefanl.be\/#website"},"primaryImageOfPage":{"@id":"https:\/\/cefanl.be\/index.php\/contact\/#primaryimage"},"image":{"@id":"https:\/\/cefanl.be\/index.php\/contact\/#primaryimage"},"thumbnailUrl":"https:\/\/cefanl.be\/wp-content\/uploads\/2020\/03\/cropped-Logo-CEFA-NL-TOUS-ARBH-ARMB-ARAY-Erez\u00e9e-2020.jpg","datePublished":"2017-12-01T14:53:34+00:00","dateModified":"2025-04-25T10:06:17+00:00","description":"Retrouvez nos coordonn\u00e9es et toutes les informations de contact du CEFA Nord-Luxembourg - Bastogne - Bomal - Aywaille - Erez\u00e9e","breadcrumb":{"@id":"https:\/\/cefanl.be\/index.php\/contact\/#breadcrumb"},"inLanguage":"fr-FR","potentialAction":[{"@type":"ReadAction","target":["https:\/\/cefanl.be\/index.php\/contact\/"]}]},{"@type":"ImageObject","inLanguage":"fr-FR","@id":"https:\/\/cefanl.be\/index.php\/contact\/#primaryimage","url":"https:\/\/cefanl.be\/wp-content\/uploads\/2020\/03\/cropped-Logo-CEFA-NL-TOUS-ARBH-ARMB-ARAY-Erez\u00e9e-2020.jpg","contentUrl":"https:\/\/cefanl.be\/wp-content\/uploads\/2020\/03\/cropped-Logo-CEFA-NL-TOUS-ARBH-ARMB-ARAY-Erez\u00e9e-2020.jpg","width":1948,"height":1595},{"@type":"BreadcrumbList","@id":"https:\/\/cefanl.be\/index.php\/contact\/#breadcrumb","itemListElement":[{"@type":"ListItem","position":1,"name":"Accueil","item":"https:\/\/cefanl.be\/"},{"@type":"ListItem","position":2,"name":"CONTACT"}]},{"@type":"WebSite","@id":"https:\/\/cefanl.be\/#website","url":"https:\/\/cefanl.be\/","name":"CEFA Nord-Luxembourg","description":"Bastogne - Bomal - Aywaille - Erez\u00e9e - Vielsalm","publisher":{"@id":"https:\/\/cefanl.be\/#organization"},"potentialAction":[{"@type":"SearchAction","target":{"@type":"EntryPoint","urlTemplate":"https:\/\/cefanl.be\/?s={search_term_string}"},"query-input":{"@type":"PropertyValueSpecification","valueRequired":true,"valueName":"search_term_string"}}],"inLanguage":"fr-FR"},{"@type":"Organization","@id":"https:\/\/cefanl.be\/#organization","name":"CEFA Nord-Luxembourg","url":"https:\/\/cefanl.be\/","logo":{"@type":"ImageObject","inLanguage":"fr-FR","@id":"https:\/\/cefanl.be\/#\/schema\/logo\/image\/","url":"https:\/\/cefanl.be\/wp-content\/uploads\/2024\/08\/cropped-Logo-CEFA-TOUS-ARBH-ARMB-ARAY-Erezee-ARMV-ICET-202.jpg","contentUrl":"https:\/\/cefanl.be\/wp-content\/uploads\/2024\/08\/cropped-Logo-CEFA-TOUS-ARBH-ARMB-ARAY-Erezee-ARMV-ICET-202.jpg","width":643,"height":526,"caption":"CEFA Nord-Luxembourg"},"image":{"@id":"https:\/\/cefanl.be\/#\/schema\/logo\/image\/"},"sameAs":["https:\/\/www.facebook.com\/CEFA.Bastogne.Bomal.Aywaille.Erezee\/"]}]}},"uagb_featured_image_src":{"full":["https:\/\/cefanl.be\/wp-content\/uploads\/2020\/03\/cropped-Logo-CEFA-NL-TOUS-ARBH-ARMB-ARAY-Erez\u00e9e-2020.jpg",1948,1595,false],"thumbnail":["https:\/\/cefanl.be\/wp-content\/uploads\/2020\/03\/cropped-Logo-CEFA-NL-TOUS-ARBH-ARMB-ARAY-Erez\u00e9e-2020.jpg",150,150,true],"medium":["https:\/\/cefanl.be\/wp-content\/uploads\/2020\/03\/cropped-Logo-CEFA-NL-TOUS-ARBH-ARMB-ARAY-Erez\u00e9e-2020.jpg",300,246,true],"medium_large":["https:\/\/cefanl.be\/wp-content\/uploads\/2020\/03\/cropped-Logo-CEFA-NL-TOUS-ARBH-ARMB-ARAY-Erez\u00e9e-2020.jpg",768,629,true],"large":["https:\/\/cefanl.be\/wp-content\/uploads\/2020\/03\/cropped-Logo-CEFA-NL-TOUS-ARBH-ARMB-ARAY-Erez\u00e9e-2020.jpg",1024,838,true],"etfrtb_logo":["https:\/\/cefanl.be\/wp-content\/uploads\/2020\/03\/cropped-Logo-CEFA-NL-TOUS-ARBH-ARMB-ARAY-Erez\u00e9e-2020.jpg",200,164,true],"1536x1536":["https:\/\/cefanl.be\/wp-content\/uploads\/2020\/03\/cropped-Logo-CEFA-NL-TOUS-ARBH-ARMB-ARAY-Erez\u00e9e-2020.jpg",1536,1258,true],"2048x2048":["https:\/\/cefanl.be\/wp-content\/uploads\/2020\/03\/cropped-Logo-CEFA-NL-TOUS-ARBH-ARMB-ARAY-Erez\u00e9e-2020.jpg",1948,1595,true],"tc-grid-full":["https:\/\/cefanl.be\/wp-content\/uploads\/2020\/03\/cropped-Logo-CEFA-NL-TOUS-ARBH-ARMB-ARAY-Erez\u00e9e-2020.jpg",1110,444,true],"tc-grid":["https:\/\/cefanl.be\/wp-content\/uploads\/2020\/03\/cropped-Logo-CEFA-NL-TOUS-ARBH-ARMB-ARAY-Erez\u00e9e-2020.jpg",570,350,true],"tc-thumb":["https:\/\/cefanl.be\/wp-content\/uploads\/2020\/03\/cropped-Logo-CEFA-NL-TOUS-ARBH-ARMB-ARAY-Erez\u00e9e-2020.jpg",270,250,true],"slider-full":["https:\/\/cefanl.be\/wp-content\/uploads\/2020\/03\/cropped-Logo-CEFA-NL-TOUS-ARBH-ARMB-ARAY-Erez\u00e9e-2020.jpg",1948,500,true],"slider":["https:\/\/cefanl.be\/wp-content\/uploads\/2020\/03\/cropped-Logo-CEFA-NL-TOUS-ARBH-ARMB-ARAY-Erez\u00e9e-2020.jpg",1110,500,true],"tc-sq-thumb":["https:\/\/cefanl.be\/wp-content\/uploads\/2020\/03\/cropped-Logo-CEFA-NL-TOUS-ARBH-ARMB-ARAY-Erez\u00e9e-2020.jpg",510,510,true],"tc-ws-thumb":["https:\/\/cefanl.be\/wp-content\/uploads\/2020\/03\/cropped-Logo-CEFA-NL-TOUS-ARBH-ARMB-ARAY-Erez\u00e9e-2020.jpg",1110,624,true],"tc-ws-small-thumb":["https:\/\/cefanl.be\/wp-content\/uploads\/2020\/03\/cropped-Logo-CEFA-NL-TOUS-ARBH-ARMB-ARAY-Erez\u00e9e-2020.jpg",528,297,true],"tc-slider-small":["https:\/\/cefanl.be\/wp-content\/uploads\/2020\/03\/cropped-Logo-CEFA-NL-TOUS-ARBH-ARMB-ARAY-Erez\u00e9e-2020.jpg",517,235,true]},"uagb_author_info":{"display_name":"Geoffrey Plat\u00e9us","author_link":"https:\/\/cefanl.be\/index.php\/author\/admin2186\/"},"uagb_comment_info":0,"uagb_excerpt":"Ci-dessous, l&rsquo;ensemble des donn\u00e9es de contact de notre CEFA et des \u00e9tablissements coop\u00e9rants. Retrouvez la liste des CEFA de Wallonie-Bruxelles Enseignement via le lien ci-dessous CEFA WB-E Politique de confidentialit\u00e9","jetpack_sharing_enabled":true,"_links":{"self":[{"href":"https:\/\/cefanl.be\/index.php\/wp-json\/wp\/v2\/pages\/43","targetHints":{"allow":["GET"]}}],"collection":[{"href":"https:\/\/cefanl.be\/index.php\/wp-json\/wp\/v2\/pages"}],"about":[{"href":"https:\/\/cefanl.be\/index.php\/wp-json\/wp\/v2\/types\/page"}],"author":[{"embeddable":true,"href":"https:\/\/cefanl.be\/index.php\/wp-json\/wp\/v2\/users\/1"}],"replies":[{"embeddable":true,"href":"https:\/\/cefanl.be\/index.php\/wp-json\/wp\/v2\/comments?post=43"}],"version-history":[{"count":34,"href":"https:\/\/cefanl.be\/index.php\/wp-json\/wp\/v2\/pages\/43\/revisions"}],"predecessor-version":[{"id":4279,"href":"https:\/\/cefanl.be\/index.php\/wp-json\/wp\/v2\/pages\/43\/revisions\/4279"}],"wp:featuredmedia":[{"embeddable":true,"href":"https:\/\/cefanl.be\/index.php\/wp-json\/wp\/v2\/media\/271"}],"wp:attachment":[{"href":"https:\/\/cefanl.be\/index.php\/wp-json\/wp\/v2\/media?parent=43"}],"curies":[{"name":"wp","href":"https:\/\/api.w.org\/{rel}","templated":true}]}}