{"id":42,"date":"2017-12-01T15:53:34","date_gmt":"2017-12-01T14:53:34","guid":{"rendered":"http:\/\/cefanl.be\/?page_id=42"},"modified":"2022-06-03T15:50:11","modified_gmt":"2022-06-03T13:50:11","slug":"espace-entreprises","status":"publish","type":"page","link":"https:\/\/cefanl.be\/index.php\/espace-entreprises\/","title":{"rendered":"ESPACE ENTREPRISES"},"content":{"rendered":"\n<figure class=\"wp-block-image size-large\"><img loading=\"lazy\" decoding=\"async\" width=\"1024\" height=\"684\" src=\"https:\/\/cefanl.be\/wp-content\/uploads\/2020\/04\/4244-1024x684.jpg\" alt=\"\" class=\"wp-image-381\" srcset=\"https:\/\/cefanl.be\/wp-content\/uploads\/2020\/04\/4244-scaled.jpg 1024w, https:\/\/cefanl.be\/wp-content\/uploads\/2020\/04\/4244-scaled.jpg 300w, https:\/\/cefanl.be\/wp-content\/uploads\/2020\/04\/4244-scaled.jpg 768w, https:\/\/cefanl.be\/wp-content\/uploads\/2020\/04\/4244-scaled.jpg 1536w, https:\/\/cefanl.be\/wp-content\/uploads\/2020\/04\/4244-scaled.jpg 2048w, https:\/\/cefanl.be\/wp-content\/uploads\/2020\/04\/4244-scaled.jpg 2280w\" sizes=\"auto, (max-width: 1024px) 100vw, 1024px\" \/><\/figure>\n\n\n\n<h3 class=\"has-vivid-red-color has-text-color wp-block-heading\">T\u00e9moignages de tuteurs <\/h3>\n\n\n\n<div class=\"wp-block-columns is-layout-flex wp-container-core-columns-is-layout-9d6595d7 wp-block-columns-is-layout-flex\">\n<div class=\"wp-block-column is-layout-flow wp-block-column-is-layout-flow\" style=\"flex-basis:25%\"><\/div>\n\n\n\n<div class=\"wp-block-column is-layout-flow wp-block-column-is-layout-flow\" style=\"flex-basis:50%\">\n<figure class=\"wp-block-embed is-type-video is-provider-youtube wp-block-embed-youtube wp-embed-aspect-4-3 wp-has-aspect-ratio\"><div class=\"wp-block-embed__wrapper\">\n<iframe loading=\"lazy\" title=\"Formation en alternance - Avantages et r\u00f4le du tuteur\" width=\"1140\" height=\"855\" src=\"https:\/\/www.youtube.com\/embed\/_yKxCeZGHEc?feature=oembed\" frameborder=\"0\" allow=\"accelerometer; autoplay; clipboard-write; encrypted-media; gyroscope; picture-in-picture\" allowfullscreen><\/iframe>\n<\/div><\/figure>\n<\/div>\n\n\n\n<div class=\"wp-block-column is-layout-flow wp-block-column-is-layout-flow\" style=\"flex-basis:25%\"><\/div>\n<\/div>\n\n\n\n<h3 class=\"has-vivid-red-color has-text-color wp-block-heading\">Vous souhaitez accueillir et former un stagiaire dans votre entreprise ?<\/h3>\n\n\n\n<p>Le CEFA vous propose d\u2019engager un jeune \u00e0 raison de 24 heures par semaine<br>\nLes \u00e9l\u00e8ves sont \u00e2g\u00e9s de 15 \u00e0 24 ans environ. Ils suivent 2 jours de formation au CEFA pour les cours g\u00e9n\u00e9raux et les cours pratiques, et 24 heures par semaine de formation dans votre entreprise. Cette insertion professionnelle est d\u00e9terminante et indispensable \u00e0 leur qualification.<br>\nLe CEFA offre un accompagnement efficace et souple pendant toute la dur\u00e9e de la formation du jeune.<\/p>\n\n\n\n<h4 class=\"wp-block-heading\"><b>Vous pouvez engager un \u00e9l\u00e8ve sous diff\u00e9rents contrats ou conventions d\u2019apprentissage&nbsp;:<\/b><\/h4>\n\n\n\n<ul class=\"wp-block-list\"><li>CA&nbsp;: Contrat d&rsquo;Alternance<\/li><li>CPE Type 3&nbsp;: Convention Premier Emploi<\/li><li>CAI&nbsp;: Contrat d\u2019Apprentissage Industriel&nbsp;(selon les secteurs). Contrat n\u00e9cessitant l\u2019agr\u00e9ment de l\u2019employeur par le comit\u00e9 paritaire d\u2019apprentissage.<\/li><li>CDD mi-temps<\/li><\/ul>\n\n\n\n<p>Le co\u00fbt est variable en fonction du type de contrat et du niveau de comp\u00e9tence du jeune. N\u2019h\u00e9sitez pas \u00e0 nous contacter nous ferons le point avec vous.<\/p>\n\n\n\n<div class=\"wp-block-file\"><a id=\"wp-block-file--media-49a7765b-959b-4ce7-8639-bb82e948afde\" href=\"https:\/\/cefanl.be\/wp-content\/uploads\/2021\/10\/Modele-contrat-alternance.pdf\" target=\"_blank\" rel=\"noreferrer noopener\">Mod\u00e8le contrat alternance<\/a><a href=\"https:\/\/cefanl.be\/wp-content\/uploads\/2021\/10\/Modele-contrat-alternance.pdf\" class=\"wp-block-file__button\" download aria-describedby=\"wp-block-file--media-49a7765b-959b-4ce7-8639-bb82e948afde\">T\u00e9l\u00e9charger<\/a><\/div>\n\n\n\n<h4 class=\"wp-block-heading\"><b>Pourquoi&nbsp; former un jeune dans votre entreprise?<\/b><\/h4>\n\n\n\n<ul class=\"wp-block-list\"><li> <b>Des avantages salariaux<\/b> <p>Selon le type de contrat, l\u2019\u00e2ge et la formation du jeune, le co\u00fbt peut varier. Vous b\u00e9n\u00e9ficiez de divers avantages financiers : r\u00e9duction des charges ONSS, primes de la r\u00e9gion, activations\u2026<\/p><\/li><li> <b>Un investissement durable<\/b> <p>Travailler \u00e0 long terme avec un jeune form\u00e9 par vos soins vous garantit un collaborateur qualifi\u00e9 parfaitement int\u00e9gr\u00e9 \u00e0 l\u2019\u00e9quipe et ayant fait ses preuves en accord avec la culture de votre entreprise.<\/p><\/li><li> <b>Un soutien p\u00e9dagogique efficace<\/b> <p>Un accompagnateur, d\u00e9sign\u00e9 par le CEFA, encadre le jeune, d\u00e9finit avec votre collaboration les apprentissages et les comp\u00e9tences \u00e0 atteindre, \u00e9value de mani\u00e8re continue son travail. Efficacit\u00e9 et souplesse sont les ma\u00eetres-mots de l\u2019accompagnement. Un soutien p\u00e9dagogique efficace.<\/p><\/li><\/ul>\n\n\n\n<p><\/p>\n\n\n\n<p><a href=\"https:\/\/cefanl.be\/index.php\/contact\/\">CONTACTEZ-NOUS POUR PLUS D&rsquo;INFORMATIONS<\/a><\/p>\n\n\n\n<p><\/p>\n\n\n\n<h3 class=\"has-vivid-red-color has-text-color wp-block-heading\">Incitants financiers wallons<\/h3>\n\n\n\n<p>Vous h\u00e9sitez encore \u00e0 franchir le pas ? La Wallonie offre diff\u00e9rents incitants financiers aux entreprises d\u00e9sireuses de former un jeune en alternance.<\/p>\n\n\n\n<h4 class=\"wp-block-heading\">Prime P1 Ind\u00e9pendants<\/h4>\n\n\n\n<p><strong>OBJECTIF:<\/strong> compenser partiellement les co\u00fbts \u00ab administratifs \u00bb li\u00e9s au respect des r\u00e9glementations en mati\u00e8re de droit social (affiliation \u00e0 un secr\u00e9tariat social et \u00e0 un service externe de pr\u00e9vention et de protection du travail, assurance, visite m\u00e9dicale,\u2026).<\/p>\n\n\n\n<p><strong>MONTANT:<\/strong> 750,00 \u20ac<\/p>\n\n\n\n<p><strong>CONDITIONS:<\/strong> Au moment de la signature du contrat d&rsquo;alternance, l&rsquo;entreprise ne peut avoir aucun salari\u00e9 depuis minimum 5 ans. Le jeune engag\u00e9 sous contrat d&rsquo;alternance doit donc \u00eatre le premier engagement de l&rsquo;entreprise.<\/p>\n\n\n\n<p><strong>MODALIT\u00c9S:<\/strong> Cette prime est octroy\u00e9e une seule fois par ind\u00e9pendant qui forme un apprenant sous contrat d&rsquo;alternance \u00e0 la conclusion du premier contrat. L&rsquo;entreprise fait la demande de prime via son portail priv\u00e9 du site de la Wallonie.<\/p>\n\n\n\n<p><\/p>\n\n\n\n<h4 class=\"wp-block-heading\">Prime P2 Entreprises<\/h4>\n\n\n\n<p><strong>OBJECTIF: <\/strong>Encourager l&rsquo;entreprise \u00e0 soutenir l&rsquo;apprenant avec un tuteur form\u00e9 (agr\u00e9\u00e9)<\/p>\n\n\n\n<p><strong>MONTANT:<\/strong> 750,00 \u20ac par jeune form\u00e9 dans l&rsquo;entreprise<\/p>\n\n\n\n<p><strong>CONDITIONS:<\/strong> <\/p>\n\n\n\n<ul class=\"wp-block-list\"><li>Le tuteur doit \u00eatre agr\u00e9\u00e9, c&rsquo;est \u00e0 dire avoir suivi une formation au tutorat dispens\u00e9e dans un centre de formation agr\u00e9\u00e9<\/li><li>L&rsquo;apprenant doit avoir effectu\u00e9 au minimum 270 jours (9 mois) de formation dans l&rsquo;entreprise<\/li><li>L&rsquo;apprenant doit r\u00e9ussir son ann\u00e9e de formation<\/li><\/ul>\n\n\n\n<p><strong>MODALIT\u00c9S: <\/strong>L&rsquo;entreprise fait la demande de prime via son portail priv\u00e9 sur le site de la Wallonie. Apr\u00e8s v\u00e9rifications, la DGO6 liquide la prime apr\u00e8s la premi\u00e8re ann\u00e9e de formation. Cette prime peut \u00eatre demand\u00e9e pour chaque jeune form\u00e9 dans l&rsquo;entreprise pour autant que toutes les conditions soient remplies.<\/p>\n\n\n\n<p><\/p>\n\n\n\n<p>Les accompagnateurs sont \u00e0 votre disposition pour toute information compl\u00e9mentaire concernant les incitants financiers de la Wallonie. <a href=\"https:\/\/cefanl.be\/index.php\/contact\/\">CONTACTEZ-NOUS<\/a><\/p>\n\n\n\n<hr class=\"wp-block-separator has-css-opacity is-style-wide\"\/>\n\n\n\n<div class=\"wp-block-media-text alignwide is-stacked-on-mobile\" style=\"grid-template-columns:33% auto\"><figure class=\"wp-block-media-text__media\"><video controls src=\"https:\/\/cefanl.be\/wp-content\/uploads\/2020\/12\/Demo-Formulaire-Portail-Wallonie.mp4\"><\/video><\/figure><div class=\"wp-block-media-text__content\">\n<p class=\"has-medium-font-size\">Comment faire vos demandes d&rsquo;incitants financiers sur le Portail de la Wallonie<\/p>\n<\/div><\/div>\n\n\n\n<hr class=\"wp-block-separator has-css-opacity\"\/>\n","protected":false},"excerpt":{"rendered":"<p>T\u00e9moignages de tuteurs Vous souhaitez accueillir et former un stagiaire dans votre entreprise ? Le CEFA vous propose d\u2019engager un jeune \u00e0 raison de 24 heures par semaine Les \u00e9l\u00e8ves sont \u00e2g\u00e9s de 15 \u00e0 24 ans environ. Ils suivent 2 jours de formation au CEFA pour les cours g\u00e9n\u00e9raux et les cours pratiques, et [&hellip;]<\/p>\n","protected":false},"author":1,"featured_media":381,"parent":0,"menu_order":0,"comment_status":"closed","ping_status":"closed","template":"","meta":{"_uag_custom_page_level_css":"","footnotes":""},"class_list":["post-42","page","type-page","status-publish","has-post-thumbnail","czr-hentry"],"yoast_head":"<!-- This site is optimized with the Yoast SEO plugin v27.3 - https:\/\/yoast.com\/product\/yoast-seo-wordpress\/ -->\n<title>ESPACE ENTREPRISES - CEFA Nord-Luxembourg<\/title>\n<meta name=\"description\" content=\"CEFA Nord-Luxembourg ESPACE ENTREPRISES Engager un apprenti. D\u00e9couvrez les possibilit\u00e9s qu&#039;offre l&#039;alternance \u00e0 votre entreprise\" \/>\n<meta name=\"robots\" content=\"index, follow, max-snippet:-1, max-image-preview:large, max-video-preview:-1\" \/>\n<link rel=\"canonical\" href=\"https:\/\/cefanl.be\/index.php\/espace-entreprises\/\" \/>\n<meta property=\"og:locale\" content=\"fr_FR\" \/>\n<meta property=\"og:type\" content=\"article\" \/>\n<meta property=\"og:title\" content=\"ESPACE ENTREPRISES - CEFA Nord-Luxembourg\" \/>\n<meta property=\"og:description\" content=\"CEFA Nord-Luxembourg ESPACE ENTREPRISES Engager un apprenti. D\u00e9couvrez les possibilit\u00e9s qu&#039;offre l&#039;alternance \u00e0 votre entreprise\" \/>\n<meta property=\"og:url\" content=\"https:\/\/cefanl.be\/index.php\/espace-entreprises\/\" \/>\n<meta property=\"og:site_name\" content=\"CEFA Nord-Luxembourg\" \/>\n<meta property=\"article:publisher\" content=\"https:\/\/www.facebook.com\/CEFA.Bastogne.Bomal.Aywaille.Erezee\/\" \/>\n<meta property=\"article:modified_time\" content=\"2022-06-03T13:50:11+00:00\" \/>\n<meta property=\"og:image\" content=\"https:\/\/cefanl.be\/wp-content\/uploads\/2020\/04\/4244-scaled.jpg\" \/>\n\t<meta property=\"og:image:width\" content=\"2560\" \/>\n\t<meta property=\"og:image:height\" content=\"1709\" \/>\n\t<meta property=\"og:image:type\" content=\"image\/jpeg\" \/>\n<meta name=\"twitter:card\" content=\"summary_large_image\" \/>\n<meta name=\"twitter:label1\" content=\"Dur\u00e9e de lecture estim\u00e9e\" \/>\n\t<meta name=\"twitter:data1\" content=\"4 minutes\" \/>\n<script type=\"application\/ld+json\" class=\"yoast-schema-graph\">{\"@context\":\"https:\\\/\\\/schema.org\",\"@graph\":[{\"@type\":\"WebPage\",\"@id\":\"https:\\\/\\\/cefanl.be\\\/index.php\\\/espace-entreprises\\\/\",\"url\":\"https:\\\/\\\/cefanl.be\\\/index.php\\\/espace-entreprises\\\/\",\"name\":\"ESPACE ENTREPRISES - CEFA Nord-Luxembourg\",\"isPartOf\":{\"@id\":\"https:\\\/\\\/cefanl.be\\\/#website\"},\"primaryImageOfPage\":{\"@id\":\"https:\\\/\\\/cefanl.be\\\/index.php\\\/espace-entreprises\\\/#primaryimage\"},\"image\":{\"@id\":\"https:\\\/\\\/cefanl.be\\\/index.php\\\/espace-entreprises\\\/#primaryimage\"},\"thumbnailUrl\":\"https:\\\/\\\/cefanl.be\\\/wp-content\\\/uploads\\\/2020\\\/04\\\/4244-scaled.jpg\",\"datePublished\":\"2017-12-01T14:53:34+00:00\",\"dateModified\":\"2022-06-03T13:50:11+00:00\",\"description\":\"CEFA Nord-Luxembourg ESPACE ENTREPRISES Engager un apprenti. D\u00e9couvrez les possibilit\u00e9s qu'offre l'alternance \u00e0 votre entreprise\",\"breadcrumb\":{\"@id\":\"https:\\\/\\\/cefanl.be\\\/index.php\\\/espace-entreprises\\\/#breadcrumb\"},\"inLanguage\":\"fr-FR\",\"potentialAction\":[{\"@type\":\"ReadAction\",\"target\":[\"https:\\\/\\\/cefanl.be\\\/index.php\\\/espace-entreprises\\\/\"]}]},{\"@type\":\"ImageObject\",\"inLanguage\":\"fr-FR\",\"@id\":\"https:\\\/\\\/cefanl.be\\\/index.php\\\/espace-entreprises\\\/#primaryimage\",\"url\":\"https:\\\/\\\/cefanl.be\\\/wp-content\\\/uploads\\\/2020\\\/04\\\/4244-scaled.jpg\",\"contentUrl\":\"https:\\\/\\\/cefanl.be\\\/wp-content\\\/uploads\\\/2020\\\/04\\\/4244-scaled.jpg\",\"width\":2560,\"height\":1709,\"caption\":\"Young group of industrial workers.\"},{\"@type\":\"BreadcrumbList\",\"@id\":\"https:\\\/\\\/cefanl.be\\\/index.php\\\/espace-entreprises\\\/#breadcrumb\",\"itemListElement\":[{\"@type\":\"ListItem\",\"position\":1,\"name\":\"Accueil\",\"item\":\"https:\\\/\\\/cefanl.be\\\/\"},{\"@type\":\"ListItem\",\"position\":2,\"name\":\"ESPACE ENTREPRISES\"}]},{\"@type\":\"WebSite\",\"@id\":\"https:\\\/\\\/cefanl.be\\\/#website\",\"url\":\"https:\\\/\\\/cefanl.be\\\/\",\"name\":\"CEFA Nord-Luxembourg\",\"description\":\"Bastogne - Bomal - Aywaille - Erez\u00e9e - Vielsalm\",\"publisher\":{\"@id\":\"https:\\\/\\\/cefanl.be\\\/#organization\"},\"potentialAction\":[{\"@type\":\"SearchAction\",\"target\":{\"@type\":\"EntryPoint\",\"urlTemplate\":\"https:\\\/\\\/cefanl.be\\\/?s={search_term_string}\"},\"query-input\":{\"@type\":\"PropertyValueSpecification\",\"valueRequired\":true,\"valueName\":\"search_term_string\"}}],\"inLanguage\":\"fr-FR\"},{\"@type\":\"Organization\",\"@id\":\"https:\\\/\\\/cefanl.be\\\/#organization\",\"name\":\"CEFA Nord-Luxembourg\",\"url\":\"https:\\\/\\\/cefanl.be\\\/\",\"logo\":{\"@type\":\"ImageObject\",\"inLanguage\":\"fr-FR\",\"@id\":\"https:\\\/\\\/cefanl.be\\\/#\\\/schema\\\/logo\\\/image\\\/\",\"url\":\"https:\\\/\\\/cefanl.be\\\/wp-content\\\/uploads\\\/2024\\\/08\\\/cropped-Logo-CEFA-TOUS-ARBH-ARMB-ARAY-Erezee-ARMV-ICET-202.jpg\",\"contentUrl\":\"https:\\\/\\\/cefanl.be\\\/wp-content\\\/uploads\\\/2024\\\/08\\\/cropped-Logo-CEFA-TOUS-ARBH-ARMB-ARAY-Erezee-ARMV-ICET-202.jpg\",\"width\":643,\"height\":526,\"caption\":\"CEFA Nord-Luxembourg\"},\"image\":{\"@id\":\"https:\\\/\\\/cefanl.be\\\/#\\\/schema\\\/logo\\\/image\\\/\"},\"sameAs\":[\"https:\\\/\\\/www.facebook.com\\\/CEFA.Bastogne.Bomal.Aywaille.Erezee\\\/\"]}]}<\/script>\n<!-- \/ Yoast SEO plugin. -->","yoast_head_json":{"title":"ESPACE ENTREPRISES - CEFA Nord-Luxembourg","description":"CEFA Nord-Luxembourg ESPACE ENTREPRISES Engager un apprenti. D\u00e9couvrez les possibilit\u00e9s qu'offre l'alternance \u00e0 votre entreprise","robots":{"index":"index","follow":"follow","max-snippet":"max-snippet:-1","max-image-preview":"max-image-preview:large","max-video-preview":"max-video-preview:-1"},"canonical":"https:\/\/cefanl.be\/index.php\/espace-entreprises\/","og_locale":"fr_FR","og_type":"article","og_title":"ESPACE ENTREPRISES - CEFA Nord-Luxembourg","og_description":"CEFA Nord-Luxembourg ESPACE ENTREPRISES Engager un apprenti. D\u00e9couvrez les possibilit\u00e9s qu'offre l'alternance \u00e0 votre entreprise","og_url":"https:\/\/cefanl.be\/index.php\/espace-entreprises\/","og_site_name":"CEFA Nord-Luxembourg","article_publisher":"https:\/\/www.facebook.com\/CEFA.Bastogne.Bomal.Aywaille.Erezee\/","article_modified_time":"2022-06-03T13:50:11+00:00","og_image":[{"width":2560,"height":1709,"url":"https:\/\/cefanl.be\/wp-content\/uploads\/2020\/04\/4244-scaled.jpg","type":"image\/jpeg"}],"twitter_card":"summary_large_image","twitter_misc":{"Dur\u00e9e de lecture estim\u00e9e":"4 minutes"},"schema":{"@context":"https:\/\/schema.org","@graph":[{"@type":"WebPage","@id":"https:\/\/cefanl.be\/index.php\/espace-entreprises\/","url":"https:\/\/cefanl.be\/index.php\/espace-entreprises\/","name":"ESPACE ENTREPRISES - CEFA Nord-Luxembourg","isPartOf":{"@id":"https:\/\/cefanl.be\/#website"},"primaryImageOfPage":{"@id":"https:\/\/cefanl.be\/index.php\/espace-entreprises\/#primaryimage"},"image":{"@id":"https:\/\/cefanl.be\/index.php\/espace-entreprises\/#primaryimage"},"thumbnailUrl":"https:\/\/cefanl.be\/wp-content\/uploads\/2020\/04\/4244-scaled.jpg","datePublished":"2017-12-01T14:53:34+00:00","dateModified":"2022-06-03T13:50:11+00:00","description":"CEFA Nord-Luxembourg ESPACE ENTREPRISES Engager un apprenti. D\u00e9couvrez les possibilit\u00e9s qu'offre l'alternance \u00e0 votre entreprise","breadcrumb":{"@id":"https:\/\/cefanl.be\/index.php\/espace-entreprises\/#breadcrumb"},"inLanguage":"fr-FR","potentialAction":[{"@type":"ReadAction","target":["https:\/\/cefanl.be\/index.php\/espace-entreprises\/"]}]},{"@type":"ImageObject","inLanguage":"fr-FR","@id":"https:\/\/cefanl.be\/index.php\/espace-entreprises\/#primaryimage","url":"https:\/\/cefanl.be\/wp-content\/uploads\/2020\/04\/4244-scaled.jpg","contentUrl":"https:\/\/cefanl.be\/wp-content\/uploads\/2020\/04\/4244-scaled.jpg","width":2560,"height":1709,"caption":"Young group of industrial workers."},{"@type":"BreadcrumbList","@id":"https:\/\/cefanl.be\/index.php\/espace-entreprises\/#breadcrumb","itemListElement":[{"@type":"ListItem","position":1,"name":"Accueil","item":"https:\/\/cefanl.be\/"},{"@type":"ListItem","position":2,"name":"ESPACE ENTREPRISES"}]},{"@type":"WebSite","@id":"https:\/\/cefanl.be\/#website","url":"https:\/\/cefanl.be\/","name":"CEFA Nord-Luxembourg","description":"Bastogne - Bomal - Aywaille - Erez\u00e9e - Vielsalm","publisher":{"@id":"https:\/\/cefanl.be\/#organization"},"potentialAction":[{"@type":"SearchAction","target":{"@type":"EntryPoint","urlTemplate":"https:\/\/cefanl.be\/?s={search_term_string}"},"query-input":{"@type":"PropertyValueSpecification","valueRequired":true,"valueName":"search_term_string"}}],"inLanguage":"fr-FR"},{"@type":"Organization","@id":"https:\/\/cefanl.be\/#organization","name":"CEFA Nord-Luxembourg","url":"https:\/\/cefanl.be\/","logo":{"@type":"ImageObject","inLanguage":"fr-FR","@id":"https:\/\/cefanl.be\/#\/schema\/logo\/image\/","url":"https:\/\/cefanl.be\/wp-content\/uploads\/2024\/08\/cropped-Logo-CEFA-TOUS-ARBH-ARMB-ARAY-Erezee-ARMV-ICET-202.jpg","contentUrl":"https:\/\/cefanl.be\/wp-content\/uploads\/2024\/08\/cropped-Logo-CEFA-TOUS-ARBH-ARMB-ARAY-Erezee-ARMV-ICET-202.jpg","width":643,"height":526,"caption":"CEFA Nord-Luxembourg"},"image":{"@id":"https:\/\/cefanl.be\/#\/schema\/logo\/image\/"},"sameAs":["https:\/\/www.facebook.com\/CEFA.Bastogne.Bomal.Aywaille.Erezee\/"]}]}},"uagb_featured_image_src":{"full":["https:\/\/cefanl.be\/wp-content\/uploads\/2020\/04\/4244-scaled.jpg",2560,1709,false],"thumbnail":["https:\/\/cefanl.be\/wp-content\/uploads\/2020\/04\/4244-scaled.jpg",150,150,true],"medium":["https:\/\/cefanl.be\/wp-content\/uploads\/2020\/04\/4244-scaled.jpg",300,200,true],"medium_large":["https:\/\/cefanl.be\/wp-content\/uploads\/2020\/04\/4244-scaled.jpg",768,513,true],"large":["https:\/\/cefanl.be\/wp-content\/uploads\/2020\/04\/4244-scaled.jpg",1024,684,true],"etfrtb_logo":["https:\/\/cefanl.be\/wp-content\/uploads\/2020\/04\/4244-scaled.jpg",200,134,true],"1536x1536":["https:\/\/cefanl.be\/wp-content\/uploads\/2020\/04\/4244-scaled.jpg",1536,1025,true],"2048x2048":["https:\/\/cefanl.be\/wp-content\/uploads\/2020\/04\/4244-scaled.jpg",2048,1367,true],"tc-grid-full":["https:\/\/cefanl.be\/wp-content\/uploads\/2020\/04\/4244-scaled.jpg",1110,444,true],"tc-grid":["https:\/\/cefanl.be\/wp-content\/uploads\/2020\/04\/4244-scaled.jpg",570,350,true],"tc-thumb":["https:\/\/cefanl.be\/wp-content\/uploads\/2020\/04\/4244-scaled.jpg",270,250,true],"slider-full":["https:\/\/cefanl.be\/wp-content\/uploads\/2020\/04\/4244-scaled.jpg",6016,500,true],"slider":["https:\/\/cefanl.be\/wp-content\/uploads\/2020\/04\/4244-scaled.jpg",1110,500,true],"tc-sq-thumb":["https:\/\/cefanl.be\/wp-content\/uploads\/2020\/04\/4244-scaled.jpg",510,510,true],"tc-ws-thumb":["https:\/\/cefanl.be\/wp-content\/uploads\/2020\/04\/4244-scaled.jpg",1110,624,true],"tc-ws-small-thumb":["https:\/\/cefanl.be\/wp-content\/uploads\/2020\/04\/4244-scaled.jpg",528,297,true],"tc-slider-small":["https:\/\/cefanl.be\/wp-content\/uploads\/2020\/04\/4244-scaled.jpg",517,235,true]},"uagb_author_info":{"display_name":"Geoffrey Plat\u00e9us","author_link":"https:\/\/cefanl.be\/index.php\/author\/admin2186\/"},"uagb_comment_info":0,"uagb_excerpt":"T\u00e9moignages de tuteurs Vous souhaitez accueillir et former un stagiaire dans votre entreprise ? Le CEFA vous propose d\u2019engager un jeune \u00e0 raison de 24 heures par semaine Les \u00e9l\u00e8ves sont \u00e2g\u00e9s de 15 \u00e0 24 ans environ. Ils suivent 2 jours de formation au CEFA pour les cours g\u00e9n\u00e9raux et les cours pratiques, et\u2026","jetpack_sharing_enabled":true,"_links":{"self":[{"href":"https:\/\/cefanl.be\/index.php\/wp-json\/wp\/v2\/pages\/42","targetHints":{"allow":["GET"]}}],"collection":[{"href":"https:\/\/cefanl.be\/index.php\/wp-json\/wp\/v2\/pages"}],"about":[{"href":"https:\/\/cefanl.be\/index.php\/wp-json\/wp\/v2\/types\/page"}],"author":[{"embeddable":true,"href":"https:\/\/cefanl.be\/index.php\/wp-json\/wp\/v2\/users\/1"}],"replies":[{"embeddable":true,"href":"https:\/\/cefanl.be\/index.php\/wp-json\/wp\/v2\/comments?post=42"}],"version-history":[{"count":16,"href":"https:\/\/cefanl.be\/index.php\/wp-json\/wp\/v2\/pages\/42\/revisions"}],"predecessor-version":[{"id":2099,"href":"https:\/\/cefanl.be\/index.php\/wp-json\/wp\/v2\/pages\/42\/revisions\/2099"}],"wp:featuredmedia":[{"embeddable":true,"href":"https:\/\/cefanl.be\/index.php\/wp-json\/wp\/v2\/media\/381"}],"wp:attachment":[{"href":"https:\/\/cefanl.be\/index.php\/wp-json\/wp\/v2\/media?parent=42"}],"curies":[{"name":"wp","href":"https:\/\/api.w.org\/{rel}","templated":true}]}}