{"id":251,"date":"2020-04-02T15:17:15","date_gmt":"2020-04-02T13:17:15","guid":{"rendered":"https:\/\/cefanl.be\/?page_id=251"},"modified":"2026-03-23T10:19:21","modified_gmt":"2026-03-23T09:19:21","slug":"gestionnaire-de-tres-petites-entreprises","status":"publish","type":"page","link":"https:\/\/cefanl.be\/index.php\/formations\/gestionnaire-de-tres-petites-entreprises\/","title":{"rendered":"Gestionnaire de tr\u00e8s petites entreprises"},"content":{"rendered":"\n<figure class=\"wp-block-image size-large\"><img loading=\"lazy\" decoding=\"async\" width=\"1024\" height=\"446\" src=\"https:\/\/cefanl.be\/wp-content\/uploads\/2020\/04\/GTPE-1024x446.png\" alt=\"\" class=\"wp-image-252\" srcset=\"https:\/\/cefanl.be\/wp-content\/uploads\/2020\/04\/GTPE.png 1024w, https:\/\/cefanl.be\/wp-content\/uploads\/2020\/04\/GTPE.png 300w, https:\/\/cefanl.be\/wp-content\/uploads\/2020\/04\/GTPE.png 768w, https:\/\/cefanl.be\/wp-content\/uploads\/2020\/04\/GTPE.png 1536w, https:\/\/cefanl.be\/wp-content\/uploads\/2020\/04\/GTPE.png 900w, https:\/\/cefanl.be\/wp-content\/uploads\/2020\/04\/GTPE.png 260w, https:\/\/cefanl.be\/wp-content\/uploads\/2020\/04\/GTPE.png 1650w\" sizes=\"auto, (max-width: 1024px) 100vw, 1024px\" \/><\/figure>\n\n\n\n<h3 class=\"wp-block-heading has-vivid-red-color has-text-color\">Lieux de formation<\/h3>\n\n\n\n<section class=\"wp-block-uagb-columns uagb-columns__wrap uagb-columns__background-none uagb-columns__stack-mobile uagb-columns__valign- uagb-columns__gap-10 align uagb-block-8e34825d uagb-columns__columns-4 uagb-columns__max_width-theme\"><div class=\"uagb-columns__overlay\"><\/div><div class=\"uagb-columns__inner-wrap uagb-columns__columns-4\">\n<div class=\"wp-block-uagb-column uagb-column__wrap uagb-column__background-undefined uagb-block-3fcf7dc5\"><div class=\"uagb-column__overlay\"><\/div>\n<div class=\"wp-block-uagb-image uagb-block-c31a9270 wp-block-uagb-image--layout-default wp-block-uagb-image--effect-zoomin wp-block-uagb-image--align-none\"><figure class=\"wp-block-uagb-image__figure\"><a class=\"\" href=\"https:\/\/cefanl.be\/index.php\/implantations\/cefa-bastogne\/\" target=\"\" rel=\"noopener\"><img decoding=\"async\" srcset=\"https:\/\/cefanl.be\/wp-content\/uploads\/2017\/12\/cropped-Logo-CEFA-Nord-Luxembourg-ARBH-Bastogne-2012-transparent.png \" sizes=\"auto, (max-width: 480px) 150px\" src=\"https:\/\/cefanl.be\/wp-content\/uploads\/2017\/12\/cropped-Logo-CEFA-Nord-Luxembourg-ARBH-Bastogne-2012-transparent.png\" alt=\"\" class=\"uag-image-14\" width=\"305\" height=\"250\" title=\"\" loading=\"lazy\" role=\"img\"\/><\/a><figcaption class=\"uagb-image-caption\"><a href=\"https:\/\/cefanl.be\/index.php\/implantations\/cefa-bastogne\/\">BASTOGNE<\/a><\/figcaption><\/figure><\/div>\n<\/div>\n\n\n\n<div class=\"wp-block-uagb-column uagb-column__wrap uagb-column__background-undefined uagb-block-8224d4db\"><div class=\"uagb-column__overlay\"><\/div>\n<div class=\"wp-block-uagb-image uagb-block-5956e8a6 wp-block-uagb-image--layout-default wp-block-uagb-image--effect-zoomin wp-block-uagb-image--align-none\"><figure class=\"wp-block-uagb-image__figure\"><a class=\"\" href=\"https:\/\/cefanl.be\/index.php\/implantations\/cefa-bomal\/\" target=\"\" rel=\"noopener\"><img decoding=\"async\" srcset=\"https:\/\/cefanl.be\/wp-content\/uploads\/2020\/04\/Logo-CEFA-Nord-Luxembourg-ARMB-Bomal-2014-1024x838.png \" sizes=\"auto, (max-width: 480px) 150px\" src=\"https:\/\/cefanl.be\/wp-content\/uploads\/2020\/04\/Logo-CEFA-Nord-Luxembourg-ARMB-Bomal-2014-1024x838.png\" alt=\"\" class=\"uag-image-393\" width=\"1024\" height=\"838\" title=\"\" loading=\"lazy\" role=\"img\"\/><\/a><figcaption class=\"uagb-image-caption\"><a href=\"https:\/\/cefanl.be\/index.php\/implantations\/cefa-bomal\/\">BOMAL<\/a><\/figcaption><\/figure><\/div>\n<\/div>\n\n\n\n<div class=\"wp-block-uagb-column uagb-column__wrap uagb-column__background-undefined uagb-block-2df2a84d\"><div class=\"uagb-column__overlay\"><\/div>\n<div class=\"wp-block-uagb-image uagb-block-b1a78524 wp-block-uagb-image--layout-default wp-block-uagb-image--effect-zoomin wp-block-uagb-image--align-none\"><figure class=\"wp-block-uagb-image__figure\"><a class=\"\" href=\"https:\/\/cefanl.be\/index.php\/implantations\/cefa-aywaille\/\" target=\"\" rel=\"noopener\"><img decoding=\"async\" srcset=\"https:\/\/cefanl.be\/wp-content\/uploads\/2021\/06\/Logo-CEFA-NL-AR-Princesse-Elisabeth-Aywaille-2021-1024x838.jpg \" sizes=\"auto, (max-width: 480px) 150px\" src=\"https:\/\/cefanl.be\/wp-content\/uploads\/2021\/06\/Logo-CEFA-NL-AR-Princesse-Elisabeth-Aywaille-2021-1024x838.jpg\" alt=\"\" class=\"uag-image-1560\" width=\"210\" height=\"151\" title=\"\" loading=\"lazy\" role=\"img\"\/><\/a><figcaption class=\"uagb-image-caption\"><a href=\"https:\/\/cefanl.be\/index.php\/implantations\/cefa-aywaille\/\">AYWAILLE<\/a><\/figcaption><\/figure><\/div>\n<\/div>\n\n\n\n<div class=\"wp-block-uagb-column uagb-column__wrap uagb-column__background-undefined uagb-block-744ba5c8\"><div class=\"uagb-column__overlay\"><\/div>\n<div class=\"wp-block-uagb-image uagb-block-b05fd944 wp-block-uagb-image--layout-default wp-block-uagb-image--effect-zoomin wp-block-uagb-image--align-none\"><figure class=\"wp-block-uagb-image__figure\"><img decoding=\"async\" srcset=\"https:\/\/cefanl.be\/wp-content\/uploads\/2024\/08\/Logo-CEFA-NL-AR-Vielsalm-2024-1024x838.png ,https:\/\/cefanl.be\/wp-content\/uploads\/2024\/08\/Logo-CEFA-NL-AR-Vielsalm-2024.png 780w, https:\/\/cefanl.be\/wp-content\/uploads\/2024\/08\/Logo-CEFA-NL-AR-Vielsalm-2024.png 360w\" sizes=\"auto, (max-width: 480px) 150px\" src=\"https:\/\/cefanl.be\/wp-content\/uploads\/2024\/08\/Logo-CEFA-NL-AR-Vielsalm-2024-1024x838.png\" alt=\"\" class=\"uag-image-3803\" width=\"1024\" height=\"838\" title=\"Logo CEFA NL-AR Vielsalm-2024\" loading=\"lazy\" role=\"img\"\/><figcaption class=\"uagb-image-caption\"><a href=\"https:\/\/cefanl.be\/index.php\/implantations\/cefa-vielsalm\/\">VIELSALM<\/a><\/figcaption><\/figure><\/div>\n<\/div>\n<\/div><\/section>\n\n\n\n<h3 class=\"wp-block-heading has-vivid-red-color has-text-color\">M\u00e9tier<\/h3>\n\n\n\n<p>Tu viens de terminer une 6\u00e8me ann\u00e9e dans l&rsquo;enseignement g\u00e9n\u00e9ral, technique, artistique ou professionnel et d\u00e9sires apprendre \u00e0 cr\u00e9er et \u00e0 g\u00e9rer ta future entreprise?  Tu envisages de devenir ind\u00e9pendant et de cr\u00e9er ton propre emploi? Alors, la 7\u00e8me Gestionnaire de Tr\u00e8s Petites Entreprises est faite pour toi!<\/p>\n\n\n\n<p>En tant qu&rsquo;ind\u00e9pendant, le chef d&rsquo;entreprise est polyvalent. En plus de son m\u00e9tier principal (ma\u00e7on, restaurateur, chauffagiste, vendeur,&#8230;), il\/elle se tient inform\u00e9 de la l\u00e9gislation en vigueur, assure les relations avec ses clients et fournisseurs, tient une comptabilit\u00e9 et manage son \u00e9quipe dans le but de faire prosp\u00e9rer ses affaires.<\/p>\n\n\n\n<p><\/p>\n\n\n\n<h3 class=\"wp-block-heading has-vivid-red-color has-text-color\">Activit\u00e9s<\/h3>\n\n\n\n<ul class=\"wp-block-list\">\n<li>Effectuer les d\u00e9marches n\u00e9cessaires \u00e0 la cr\u00e9ation et \u00e0 l&rsquo;exercice de l&rsquo;activit\u00e9 ind\u00e9pendante<\/li>\n\n\n\n<li>\u00c9laborer le projet d&rsquo;installation de l&rsquo;activit\u00e9 ind\u00e9pendante<\/li>\n\n\n\n<li>S\u00e9lectionner les fournisseurs, g\u00e9rer les stocks et \u00e9tablir les prix<\/li>\n\n\n\n<li>Pr\u00e9parer et r\u00e9aliser une comptabilit\u00e9 simplifi\u00e9e<\/li>\n\n\n\n<li>Lire et interpr\u00e9ter les comptes annuels et analyser les frais<\/li>\n\n\n\n<li>Recruter, former des collaborateurs et organiser, contr\u00f4ler leur travail<\/li>\n<\/ul>\n\n\n\n<h3 class=\"wp-block-heading has-vivid-red-color has-text-color has-link-color wp-elements-63f9337cc54a519ae12c02eeadcf3f2e\">Grille horaire<\/h3>\n\n\n\n<figure class=\"wp-block-table has-small-font-size\"><table class=\"has-vivid-red-color has-text-color has-link-color\"><thead><tr><th class=\"has-text-align-left\" data-align=\"left\">Cours<\/th><th class=\"has-text-align-left\" data-align=\"left\">7P<\/th><\/tr><\/thead><tbody><tr><td class=\"has-text-align-left\" data-align=\"left\"><strong>FORMATION COMMUNE<\/strong><\/td><td class=\"has-text-align-left\" data-align=\"left\"><strong>7<\/strong><\/td><\/tr><tr><td class=\"has-text-align-left\" data-align=\"left\">Fran\u00e7ais<\/td><td class=\"has-text-align-left\" data-align=\"left\">3<\/td><\/tr><tr><td class=\"has-text-align-left\" data-align=\"left\">Formation scientifique<\/td><td class=\"has-text-align-left\" data-align=\"left\">2<\/td><\/tr><tr><td class=\"has-text-align-left\" data-align=\"left\">Formation sociale et \u00e9conomique<\/td><td class=\"has-text-align-left\" data-align=\"left\">2<\/td><\/tr><tr><td class=\"has-text-align-left\" data-align=\"left\"><strong>OPTION DE BASE GROUP\u00c9E<\/strong><\/td><td class=\"has-text-align-left\" data-align=\"left\"><strong>8<\/strong><\/td><\/tr><tr><td class=\"has-text-align-left\" data-align=\"left\"><strong>Gestionnaire de Tr\u00e8s Petites Entreprises<\/strong><\/td><td class=\"has-text-align-left\" data-align=\"left\"><\/td><\/tr><tr><td class=\"has-text-align-left\" data-align=\"left\">Comptabilit\u00e9 et informatique de gestion<\/td><td class=\"has-text-align-left\" data-align=\"left\">4<\/td><\/tr><tr><td class=\"has-text-align-left\" data-align=\"left\">Cours commerciaux<\/td><td class=\"has-text-align-left\" data-align=\"left\">3<\/td><\/tr><tr><td class=\"has-text-align-left\" data-align=\"left\">Droit social et gestion des ressources humaines<\/td><td class=\"has-text-align-left\" data-align=\"left\">1<\/td><\/tr><\/tbody><\/table><\/figure>\n\n\n\n<div class=\"wp-block-group\"><div class=\"wp-block-group__inner-container is-layout-flow wp-block-group-is-layout-flow\">\n<h3 class=\"wp-block-heading has-vivid-red-color has-text-color\">En fin de parcours, tu obtiens:<\/h3>\n\n\n\n<ul class=\"wp-block-list\">\n<li>CESS<\/li>\n\n\n\n<li>CQ7<\/li>\n\n\n\n<li>Certificat de Gestion de base<\/li>\n<\/ul>\n<\/div><\/div>\n\n\n\n<h3 class=\"wp-block-heading has-vivid-red-color has-text-color\">Les d\u00e9bouch\u00e9s<\/h3>\n\n\n\n<ul class=\"wp-block-list\">\n<li>Acc\u00e8s \u00e0 l&rsquo;enseignement sup\u00e9rieur<\/li>\n\n\n\n<li>Ouverture de ta propre entreprise<\/li>\n<\/ul>\n\n\n\n<p><\/p>\n","protected":false},"excerpt":{"rendered":"<p>Lieux de formation M\u00e9tier Tu viens de terminer une 6\u00e8me ann\u00e9e dans l&rsquo;enseignement g\u00e9n\u00e9ral, technique, artistique ou professionnel et d\u00e9sires apprendre \u00e0 cr\u00e9er et \u00e0 g\u00e9rer ta future entreprise? Tu envisages de devenir ind\u00e9pendant et de cr\u00e9er ton propre emploi? Alors, la 7\u00e8me Gestionnaire de Tr\u00e8s Petites Entreprises est faite pour toi! En tant qu&rsquo;ind\u00e9pendant, [&hellip;]<\/p>\n","protected":false},"author":1,"featured_media":0,"parent":39,"menu_order":0,"comment_status":"closed","ping_status":"closed","template":"","meta":{"_uag_custom_page_level_css":"","footnotes":""},"class_list":["post-251","page","type-page","status-publish","czr-hentry"],"yoast_head":"<!-- This site is optimized with the Yoast SEO plugin v27.3 - https:\/\/yoast.com\/product\/yoast-seo-wordpress\/ -->\n<title>Gestionnaire de tr\u00e8s petites entreprises - CEFA Nord-Luxembourg<\/title>\n<meta name=\"description\" content=\"Formation de Gestionnnaire de Tr\u00e8s Petites Entreprises en alternance. Certificat de gestion. - CEFA Nord-Luxembourg\" \/>\n<meta name=\"robots\" content=\"index, follow, max-snippet:-1, max-image-preview:large, max-video-preview:-1\" \/>\n<link rel=\"canonical\" href=\"https:\/\/cefanl.be\/index.php\/formations\/gestionnaire-de-tres-petites-entreprises\/\" \/>\n<meta property=\"og:locale\" content=\"fr_FR\" \/>\n<meta property=\"og:type\" content=\"article\" \/>\n<meta property=\"og:title\" content=\"Gestionnaire de tr\u00e8s petites entreprises - CEFA Nord-Luxembourg\" \/>\n<meta property=\"og:description\" content=\"Formation de Gestionnnaire de Tr\u00e8s Petites Entreprises en alternance. Certificat de gestion. - CEFA Nord-Luxembourg\" \/>\n<meta property=\"og:url\" content=\"https:\/\/cefanl.be\/index.php\/formations\/gestionnaire-de-tres-petites-entreprises\/\" \/>\n<meta property=\"og:site_name\" content=\"CEFA Nord-Luxembourg\" \/>\n<meta property=\"article:publisher\" content=\"https:\/\/www.facebook.com\/CEFA.Bastogne.Bomal.Aywaille.Erezee\/\" \/>\n<meta property=\"article:modified_time\" content=\"2026-03-23T09:19:21+00:00\" \/>\n<meta property=\"og:image\" content=\"https:\/\/cefanl.be\/wp-content\/uploads\/2020\/04\/GTPE.png\" \/>\n\t<meta property=\"og:image:width\" content=\"1650\" \/>\n\t<meta property=\"og:image:height\" content=\"718\" \/>\n\t<meta property=\"og:image:type\" content=\"image\/png\" \/>\n<meta name=\"twitter:card\" content=\"summary_large_image\" \/>\n<meta name=\"twitter:label1\" content=\"Dur\u00e9e de lecture estim\u00e9e\" \/>\n\t<meta name=\"twitter:data1\" content=\"3 minutes\" \/>\n<script type=\"application\/ld+json\" class=\"yoast-schema-graph\">{\"@context\":\"https:\\\/\\\/schema.org\",\"@graph\":[{\"@type\":\"WebPage\",\"@id\":\"https:\\\/\\\/cefanl.be\\\/index.php\\\/formations\\\/gestionnaire-de-tres-petites-entreprises\\\/\",\"url\":\"https:\\\/\\\/cefanl.be\\\/index.php\\\/formations\\\/gestionnaire-de-tres-petites-entreprises\\\/\",\"name\":\"Gestionnaire de tr\u00e8s petites entreprises - CEFA Nord-Luxembourg\",\"isPartOf\":{\"@id\":\"https:\\\/\\\/cefanl.be\\\/#website\"},\"primaryImageOfPage\":{\"@id\":\"https:\\\/\\\/cefanl.be\\\/index.php\\\/formations\\\/gestionnaire-de-tres-petites-entreprises\\\/#primaryimage\"},\"image\":{\"@id\":\"https:\\\/\\\/cefanl.be\\\/index.php\\\/formations\\\/gestionnaire-de-tres-petites-entreprises\\\/#primaryimage\"},\"thumbnailUrl\":\"https:\\\/\\\/cefanl.be\\\/wp-content\\\/uploads\\\/2020\\\/04\\\/GTPE-1024x446.png\",\"datePublished\":\"2020-04-02T13:17:15+00:00\",\"dateModified\":\"2026-03-23T09:19:21+00:00\",\"description\":\"Formation de Gestionnnaire de Tr\u00e8s Petites Entreprises en alternance. Certificat de gestion. - CEFA Nord-Luxembourg\",\"breadcrumb\":{\"@id\":\"https:\\\/\\\/cefanl.be\\\/index.php\\\/formations\\\/gestionnaire-de-tres-petites-entreprises\\\/#breadcrumb\"},\"inLanguage\":\"fr-FR\",\"potentialAction\":[{\"@type\":\"ReadAction\",\"target\":[\"https:\\\/\\\/cefanl.be\\\/index.php\\\/formations\\\/gestionnaire-de-tres-petites-entreprises\\\/\"]}]},{\"@type\":\"ImageObject\",\"inLanguage\":\"fr-FR\",\"@id\":\"https:\\\/\\\/cefanl.be\\\/index.php\\\/formations\\\/gestionnaire-de-tres-petites-entreprises\\\/#primaryimage\",\"url\":\"https:\\\/\\\/cefanl.be\\\/wp-content\\\/uploads\\\/2020\\\/04\\\/GTPE.png\",\"contentUrl\":\"https:\\\/\\\/cefanl.be\\\/wp-content\\\/uploads\\\/2020\\\/04\\\/GTPE.png\",\"width\":1650,\"height\":718},{\"@type\":\"BreadcrumbList\",\"@id\":\"https:\\\/\\\/cefanl.be\\\/index.php\\\/formations\\\/gestionnaire-de-tres-petites-entreprises\\\/#breadcrumb\",\"itemListElement\":[{\"@type\":\"ListItem\",\"position\":1,\"name\":\"Accueil\",\"item\":\"https:\\\/\\\/cefanl.be\\\/\"},{\"@type\":\"ListItem\",\"position\":2,\"name\":\"FORMATIONS CEFA\",\"item\":\"https:\\\/\\\/cefanl.be\\\/index.php\\\/formations\\\/\"},{\"@type\":\"ListItem\",\"position\":3,\"name\":\"Gestionnaire de tr\u00e8s petites entreprises\"}]},{\"@type\":\"WebSite\",\"@id\":\"https:\\\/\\\/cefanl.be\\\/#website\",\"url\":\"https:\\\/\\\/cefanl.be\\\/\",\"name\":\"CEFA Nord-Luxembourg\",\"description\":\"Bastogne - Bomal - Aywaille - Erez\u00e9e - Vielsalm\",\"publisher\":{\"@id\":\"https:\\\/\\\/cefanl.be\\\/#organization\"},\"potentialAction\":[{\"@type\":\"SearchAction\",\"target\":{\"@type\":\"EntryPoint\",\"urlTemplate\":\"https:\\\/\\\/cefanl.be\\\/?s={search_term_string}\"},\"query-input\":{\"@type\":\"PropertyValueSpecification\",\"valueRequired\":true,\"valueName\":\"search_term_string\"}}],\"inLanguage\":\"fr-FR\"},{\"@type\":\"Organization\",\"@id\":\"https:\\\/\\\/cefanl.be\\\/#organization\",\"name\":\"CEFA Nord-Luxembourg\",\"url\":\"https:\\\/\\\/cefanl.be\\\/\",\"logo\":{\"@type\":\"ImageObject\",\"inLanguage\":\"fr-FR\",\"@id\":\"https:\\\/\\\/cefanl.be\\\/#\\\/schema\\\/logo\\\/image\\\/\",\"url\":\"https:\\\/\\\/cefanl.be\\\/wp-content\\\/uploads\\\/2024\\\/08\\\/cropped-Logo-CEFA-TOUS-ARBH-ARMB-ARAY-Erezee-ARMV-ICET-202.jpg\",\"contentUrl\":\"https:\\\/\\\/cefanl.be\\\/wp-content\\\/uploads\\\/2024\\\/08\\\/cropped-Logo-CEFA-TOUS-ARBH-ARMB-ARAY-Erezee-ARMV-ICET-202.jpg\",\"width\":643,\"height\":526,\"caption\":\"CEFA Nord-Luxembourg\"},\"image\":{\"@id\":\"https:\\\/\\\/cefanl.be\\\/#\\\/schema\\\/logo\\\/image\\\/\"},\"sameAs\":[\"https:\\\/\\\/www.facebook.com\\\/CEFA.Bastogne.Bomal.Aywaille.Erezee\\\/\"]}]}<\/script>\n<!-- \/ Yoast SEO plugin. -->","yoast_head_json":{"title":"Gestionnaire de tr\u00e8s petites entreprises - CEFA Nord-Luxembourg","description":"Formation de Gestionnnaire de Tr\u00e8s Petites Entreprises en alternance. Certificat de gestion. - CEFA Nord-Luxembourg","robots":{"index":"index","follow":"follow","max-snippet":"max-snippet:-1","max-image-preview":"max-image-preview:large","max-video-preview":"max-video-preview:-1"},"canonical":"https:\/\/cefanl.be\/index.php\/formations\/gestionnaire-de-tres-petites-entreprises\/","og_locale":"fr_FR","og_type":"article","og_title":"Gestionnaire de tr\u00e8s petites entreprises - CEFA Nord-Luxembourg","og_description":"Formation de Gestionnnaire de Tr\u00e8s Petites Entreprises en alternance. Certificat de gestion. - CEFA Nord-Luxembourg","og_url":"https:\/\/cefanl.be\/index.php\/formations\/gestionnaire-de-tres-petites-entreprises\/","og_site_name":"CEFA Nord-Luxembourg","article_publisher":"https:\/\/www.facebook.com\/CEFA.Bastogne.Bomal.Aywaille.Erezee\/","article_modified_time":"2026-03-23T09:19:21+00:00","og_image":[{"width":1650,"height":718,"url":"https:\/\/cefanl.be\/wp-content\/uploads\/2020\/04\/GTPE.png","type":"image\/png"}],"twitter_card":"summary_large_image","twitter_misc":{"Dur\u00e9e de lecture estim\u00e9e":"3 minutes"},"schema":{"@context":"https:\/\/schema.org","@graph":[{"@type":"WebPage","@id":"https:\/\/cefanl.be\/index.php\/formations\/gestionnaire-de-tres-petites-entreprises\/","url":"https:\/\/cefanl.be\/index.php\/formations\/gestionnaire-de-tres-petites-entreprises\/","name":"Gestionnaire de tr\u00e8s petites entreprises - CEFA Nord-Luxembourg","isPartOf":{"@id":"https:\/\/cefanl.be\/#website"},"primaryImageOfPage":{"@id":"https:\/\/cefanl.be\/index.php\/formations\/gestionnaire-de-tres-petites-entreprises\/#primaryimage"},"image":{"@id":"https:\/\/cefanl.be\/index.php\/formations\/gestionnaire-de-tres-petites-entreprises\/#primaryimage"},"thumbnailUrl":"https:\/\/cefanl.be\/wp-content\/uploads\/2020\/04\/GTPE-1024x446.png","datePublished":"2020-04-02T13:17:15+00:00","dateModified":"2026-03-23T09:19:21+00:00","description":"Formation de Gestionnnaire de Tr\u00e8s Petites Entreprises en alternance. Certificat de gestion. - CEFA Nord-Luxembourg","breadcrumb":{"@id":"https:\/\/cefanl.be\/index.php\/formations\/gestionnaire-de-tres-petites-entreprises\/#breadcrumb"},"inLanguage":"fr-FR","potentialAction":[{"@type":"ReadAction","target":["https:\/\/cefanl.be\/index.php\/formations\/gestionnaire-de-tres-petites-entreprises\/"]}]},{"@type":"ImageObject","inLanguage":"fr-FR","@id":"https:\/\/cefanl.be\/index.php\/formations\/gestionnaire-de-tres-petites-entreprises\/#primaryimage","url":"https:\/\/cefanl.be\/wp-content\/uploads\/2020\/04\/GTPE.png","contentUrl":"https:\/\/cefanl.be\/wp-content\/uploads\/2020\/04\/GTPE.png","width":1650,"height":718},{"@type":"BreadcrumbList","@id":"https:\/\/cefanl.be\/index.php\/formations\/gestionnaire-de-tres-petites-entreprises\/#breadcrumb","itemListElement":[{"@type":"ListItem","position":1,"name":"Accueil","item":"https:\/\/cefanl.be\/"},{"@type":"ListItem","position":2,"name":"FORMATIONS CEFA","item":"https:\/\/cefanl.be\/index.php\/formations\/"},{"@type":"ListItem","position":3,"name":"Gestionnaire de tr\u00e8s petites entreprises"}]},{"@type":"WebSite","@id":"https:\/\/cefanl.be\/#website","url":"https:\/\/cefanl.be\/","name":"CEFA Nord-Luxembourg","description":"Bastogne - Bomal - Aywaille - Erez\u00e9e - Vielsalm","publisher":{"@id":"https:\/\/cefanl.be\/#organization"},"potentialAction":[{"@type":"SearchAction","target":{"@type":"EntryPoint","urlTemplate":"https:\/\/cefanl.be\/?s={search_term_string}"},"query-input":{"@type":"PropertyValueSpecification","valueRequired":true,"valueName":"search_term_string"}}],"inLanguage":"fr-FR"},{"@type":"Organization","@id":"https:\/\/cefanl.be\/#organization","name":"CEFA Nord-Luxembourg","url":"https:\/\/cefanl.be\/","logo":{"@type":"ImageObject","inLanguage":"fr-FR","@id":"https:\/\/cefanl.be\/#\/schema\/logo\/image\/","url":"https:\/\/cefanl.be\/wp-content\/uploads\/2024\/08\/cropped-Logo-CEFA-TOUS-ARBH-ARMB-ARAY-Erezee-ARMV-ICET-202.jpg","contentUrl":"https:\/\/cefanl.be\/wp-content\/uploads\/2024\/08\/cropped-Logo-CEFA-TOUS-ARBH-ARMB-ARAY-Erezee-ARMV-ICET-202.jpg","width":643,"height":526,"caption":"CEFA Nord-Luxembourg"},"image":{"@id":"https:\/\/cefanl.be\/#\/schema\/logo\/image\/"},"sameAs":["https:\/\/www.facebook.com\/CEFA.Bastogne.Bomal.Aywaille.Erezee\/"]}]}},"uagb_featured_image_src":{"full":false,"thumbnail":false,"medium":false,"medium_large":false,"large":false,"etfrtb_logo":false,"1536x1536":false,"2048x2048":false,"tc-grid-full":false,"tc-grid":false,"tc-thumb":false,"slider-full":false,"slider":false,"tc-sq-thumb":false,"tc-ws-thumb":false,"tc-ws-small-thumb":false,"tc-slider-small":false},"uagb_author_info":{"display_name":"Geoffrey Plat\u00e9us","author_link":"https:\/\/cefanl.be\/index.php\/author\/admin2186\/"},"uagb_comment_info":0,"uagb_excerpt":"Lieux de formation M\u00e9tier Tu viens de terminer une 6\u00e8me ann\u00e9e dans l&rsquo;enseignement g\u00e9n\u00e9ral, technique, artistique ou professionnel et d\u00e9sires apprendre \u00e0 cr\u00e9er et \u00e0 g\u00e9rer ta future entreprise? Tu envisages de devenir ind\u00e9pendant et de cr\u00e9er ton propre emploi? Alors, la 7\u00e8me Gestionnaire de Tr\u00e8s Petites Entreprises est faite pour toi! En tant qu&rsquo;ind\u00e9pendant,\u2026","jetpack_sharing_enabled":true,"_links":{"self":[{"href":"https:\/\/cefanl.be\/index.php\/wp-json\/wp\/v2\/pages\/251","targetHints":{"allow":["GET"]}}],"collection":[{"href":"https:\/\/cefanl.be\/index.php\/wp-json\/wp\/v2\/pages"}],"about":[{"href":"https:\/\/cefanl.be\/index.php\/wp-json\/wp\/v2\/types\/page"}],"author":[{"embeddable":true,"href":"https:\/\/cefanl.be\/index.php\/wp-json\/wp\/v2\/users\/1"}],"replies":[{"embeddable":true,"href":"https:\/\/cefanl.be\/index.php\/wp-json\/wp\/v2\/comments?post=251"}],"version-history":[{"count":12,"href":"https:\/\/cefanl.be\/index.php\/wp-json\/wp\/v2\/pages\/251\/revisions"}],"predecessor-version":[{"id":5025,"href":"https:\/\/cefanl.be\/index.php\/wp-json\/wp\/v2\/pages\/251\/revisions\/5025"}],"up":[{"embeddable":true,"href":"https:\/\/cefanl.be\/index.php\/wp-json\/wp\/v2\/pages\/39"}],"wp:attachment":[{"href":"https:\/\/cefanl.be\/index.php\/wp-json\/wp\/v2\/media?parent=251"}],"curies":[{"name":"wp","href":"https:\/\/api.w.org\/{rel}","templated":true}]}}