{"id":1300,"date":"2021-04-29T13:02:21","date_gmt":"2021-04-29T11:02:21","guid":{"rendered":"https:\/\/cefanl.be\/?page_id=1300"},"modified":"2026-05-05T13:31:36","modified_gmt":"2026-05-05T11:31:36","slug":"soiree_afterwork_decouverte","status":"publish","type":"page","link":"https:\/\/cefanl.be\/index.php\/implantations\/cefa-bomal\/soiree_afterwork_decouverte\/","title":{"rendered":"Soir\u00e9e Afterwork d\u00e9couverte \u00e0 Bomal"},"content":{"rendered":"\n<figure class=\"wp-block-image size-large is-style-default\"><img loading=\"lazy\" decoding=\"async\" width=\"1024\" height=\"1024\" src=\"https:\/\/cefanl.be\/wp-content\/uploads\/2026\/05\/JPO-Bomal-20260529-1024x1024.png\" alt=\"Afterwork Bomal 29\/05\/2026\" class=\"wp-image-5270\" srcset=\"https:\/\/cefanl.be\/wp-content\/uploads\/2026\/05\/JPO-Bomal-20260529-scaled.png 1024w, https:\/\/cefanl.be\/wp-content\/uploads\/2026\/05\/JPO-Bomal-20260529-scaled.png 300w, https:\/\/cefanl.be\/wp-content\/uploads\/2026\/05\/JPO-Bomal-20260529-scaled.png 150w, https:\/\/cefanl.be\/wp-content\/uploads\/2026\/05\/JPO-Bomal-20260529-scaled.png 768w, https:\/\/cefanl.be\/wp-content\/uploads\/2026\/05\/JPO-Bomal-20260529-scaled.png 200w, https:\/\/cefanl.be\/wp-content\/uploads\/2026\/05\/JPO-Bomal-20260529-scaled.png 1536w, https:\/\/cefanl.be\/wp-content\/uploads\/2026\/05\/JPO-Bomal-20260529-scaled.png 2048w, https:\/\/cefanl.be\/wp-content\/uploads\/2026\/05\/JPO-Bomal-20260529-scaled.png 510w, https:\/\/cefanl.be\/wp-content\/uploads\/2026\/05\/JPO-Bomal-20260529-scaled.png 2280w\" sizes=\"auto, (max-width: 1024px) 100vw, 1024px\" \/><\/figure>\n\n\n\n<p>Le CEFA Nord-Luxembourg de Bomal vous invite \u00e0 participer \u00e0 une soir\u00e9e afterwork d\u00e9couverte de notre implantation ce vendredi 29 mai 2026 \u00e0 partir de 16h30.<\/p>\n\n\n\n<p>Un afterwork convivial qui vous permettra de d\u00e9couvrir notre \u00e9cole, nos options et d&rsquo;\u00e9changer avec les employeurs de la r\u00e9gion.<\/p>\n\n\n\n<p>Portes ouvertes \u00e9galement \u00e0 l&rsquo;<a href=\"https:\/\/www.armbb.be\/actualites-61-510.html\">Ath\u00e9n\u00e9e de Boma<\/a>l entre 16h30 et 19h30<\/p>\n\n\n\n<h3 class=\"wp-block-heading has-vivid-red-color has-text-color has-link-color wp-elements-2bada401f57de09ed4399fc7739e6206\">D\u00c9COUVERTE DE NOTRE <a href=\"https:\/\/cefanl.be\/index.php\/implantations\/bomal\/\">CENTRE DE FORMATION DE BOMAL<\/a> ET SES <a href=\"https:\/\/cefanl.be\/index.php\/options\/\">OPTIONS<\/a> :<\/h3>\n\n\n\n<ul class=\"wp-block-list has-vivid-red-color has-text-color\">\n<li><a href=\"https:\/\/cefanl.be\/index.php\/options\/auxiliaire-de-magasin\/\">Auxiliaire de magasin<\/a><\/li>\n\n\n\n<li><a href=\"https:\/\/cefanl.be\/index.php\/options\/commis-de-cuisine\/\">Commis de cuisine<\/a><\/li>\n\n\n\n<li><a href=\"https:\/\/cefanl.be\/index.php\/options\/restaurateurtrice\/\">Restaurateur(trice)<\/a><\/li>\n\n\n\n<li><a href=\"https:\/\/cefanl.be\/index.php\/options\/vente\/\">Vente<\/a><\/li>\n\n\n\n<li><a href=\"https:\/\/cefanl.be\/index.php\/options\/gestionnaire-de-tres-petites-entreprises\/\">7\u00e8me Gestionnaire de Tr\u00e8s Petites Entreprises<\/a><\/li>\n<\/ul>\n\n\n\n<p><\/p>\n","protected":false},"excerpt":{"rendered":"<p>Le CEFA Nord-Luxembourg de Bomal vous invite \u00e0 participer \u00e0 une soir\u00e9e afterwork d\u00e9couverte de notre implantation ce vendredi 29 mai 2026 \u00e0 partir de 16h30. Un afterwork convivial qui vous permettra de d\u00e9couvrir notre \u00e9cole, nos options et d&rsquo;\u00e9changer avec les employeurs de la r\u00e9gion. Portes ouvertes \u00e9galement \u00e0 l&rsquo;Ath\u00e9n\u00e9e de Bomal entre 16h30 [&hellip;]<\/p>\n","protected":false},"author":1,"featured_media":5270,"parent":299,"menu_order":0,"comment_status":"closed","ping_status":"closed","template":"","meta":{"_uag_custom_page_level_css":"","footnotes":""},"class_list":["post-1300","page","type-page","status-publish","has-post-thumbnail","czr-hentry"],"yoast_head":"<!-- This site is optimized with the Yoast SEO plugin v27.5 - https:\/\/yoast.com\/product\/yoast-seo-wordpress\/ -->\n<title>Soir\u00e9e Afterwork d\u00e9couverte \u00e0 Bomal - CEFA Nord-Luxembourg<\/title>\n<meta name=\"description\" content=\"Soir\u00e9e afterwork d\u00e9couverte au CEFA de Bomal (Durbuy). D\u00e9couvrez l&#039;alternance, nos options et \u00e9changez avec les employeurs r\u00e9gionaux.\" \/>\n<meta name=\"robots\" content=\"index, follow, max-snippet:-1, max-image-preview:large, max-video-preview:-1\" \/>\n<link rel=\"canonical\" href=\"https:\/\/cefanl.be\/index.php\/implantations\/cefa-bomal\/soiree_afterwork_decouverte\/\" \/>\n<meta property=\"og:locale\" content=\"fr_FR\" \/>\n<meta property=\"og:type\" content=\"article\" \/>\n<meta property=\"og:title\" content=\"Soir\u00e9e Afterwork d\u00e9couverte \u00e0 Bomal - CEFA Nord-Luxembourg\" \/>\n<meta property=\"og:description\" content=\"Soir\u00e9e afterwork d\u00e9couverte au CEFA de Bomal (Durbuy). D\u00e9couvrez l&#039;alternance, nos options et \u00e9changez avec les employeurs r\u00e9gionaux.\" \/>\n<meta property=\"og:url\" content=\"https:\/\/cefanl.be\/index.php\/implantations\/cefa-bomal\/soiree_afterwork_decouverte\/\" \/>\n<meta property=\"og:site_name\" content=\"CEFA Nord-Luxembourg\" \/>\n<meta property=\"article:publisher\" content=\"https:\/\/www.facebook.com\/CEFA.Bastogne.Bomal.Aywaille.Erezee\/\" \/>\n<meta property=\"article:modified_time\" content=\"2026-05-05T11:31:36+00:00\" \/>\n<meta property=\"og:image\" content=\"https:\/\/cefanl.be\/wp-content\/uploads\/2026\/05\/JPO-Bomal-20260529-1024x1024.png\" \/>\n\t<meta property=\"og:image:width\" content=\"1024\" \/>\n\t<meta property=\"og:image:height\" content=\"1024\" \/>\n\t<meta property=\"og:image:type\" content=\"image\/png\" \/>\n<meta name=\"twitter:card\" content=\"summary_large_image\" \/>\n<meta name=\"twitter:label1\" content=\"Dur\u00e9e de lecture estim\u00e9e\" \/>\n\t<meta name=\"twitter:data1\" content=\"1 minute\" \/>\n<script type=\"application\/ld+json\" class=\"yoast-schema-graph\">{\"@context\":\"https:\\\/\\\/schema.org\",\"@graph\":[{\"@type\":\"WebPage\",\"@id\":\"https:\\\/\\\/cefanl.be\\\/index.php\\\/implantations\\\/cefa-bomal\\\/soiree_afterwork_decouverte\\\/\",\"url\":\"https:\\\/\\\/cefanl.be\\\/index.php\\\/implantations\\\/cefa-bomal\\\/soiree_afterwork_decouverte\\\/\",\"name\":\"Soir\u00e9e Afterwork d\u00e9couverte \u00e0 Bomal - CEFA Nord-Luxembourg\",\"isPartOf\":{\"@id\":\"https:\\\/\\\/cefanl.be\\\/#website\"},\"primaryImageOfPage\":{\"@id\":\"https:\\\/\\\/cefanl.be\\\/index.php\\\/implantations\\\/cefa-bomal\\\/soiree_afterwork_decouverte\\\/#primaryimage\"},\"image\":{\"@id\":\"https:\\\/\\\/cefanl.be\\\/index.php\\\/implantations\\\/cefa-bomal\\\/soiree_afterwork_decouverte\\\/#primaryimage\"},\"thumbnailUrl\":\"https:\\\/\\\/cefanl.be\\\/wp-content\\\/uploads\\\/2026\\\/05\\\/JPO-Bomal-20260529-scaled.png\",\"datePublished\":\"2021-04-29T11:02:21+00:00\",\"dateModified\":\"2026-05-05T11:31:36+00:00\",\"description\":\"Soir\u00e9e afterwork d\u00e9couverte au CEFA de Bomal (Durbuy). D\u00e9couvrez l'alternance, nos options et \u00e9changez avec les employeurs r\u00e9gionaux.\",\"breadcrumb\":{\"@id\":\"https:\\\/\\\/cefanl.be\\\/index.php\\\/implantations\\\/cefa-bomal\\\/soiree_afterwork_decouverte\\\/#breadcrumb\"},\"inLanguage\":\"fr-FR\",\"potentialAction\":[{\"@type\":\"ReadAction\",\"target\":[\"https:\\\/\\\/cefanl.be\\\/index.php\\\/implantations\\\/cefa-bomal\\\/soiree_afterwork_decouverte\\\/\"]}]},{\"@type\":\"ImageObject\",\"inLanguage\":\"fr-FR\",\"@id\":\"https:\\\/\\\/cefanl.be\\\/index.php\\\/implantations\\\/cefa-bomal\\\/soiree_afterwork_decouverte\\\/#primaryimage\",\"url\":\"https:\\\/\\\/cefanl.be\\\/wp-content\\\/uploads\\\/2026\\\/05\\\/JPO-Bomal-20260529-scaled.png\",\"contentUrl\":\"https:\\\/\\\/cefanl.be\\\/wp-content\\\/uploads\\\/2026\\\/05\\\/JPO-Bomal-20260529-scaled.png\",\"width\":2560,\"height\":2560},{\"@type\":\"BreadcrumbList\",\"@id\":\"https:\\\/\\\/cefanl.be\\\/index.php\\\/implantations\\\/cefa-bomal\\\/soiree_afterwork_decouverte\\\/#breadcrumb\",\"itemListElement\":[{\"@type\":\"ListItem\",\"position\":1,\"name\":\"Accueil\",\"item\":\"https:\\\/\\\/cefanl.be\\\/\"},{\"@type\":\"ListItem\",\"position\":2,\"name\":\"IMPLANTATIONS\",\"item\":\"https:\\\/\\\/cefanl.be\\\/index.php\\\/implantations\\\/\"},{\"@type\":\"ListItem\",\"position\":3,\"name\":\"CEFA BOMAL (Durbuy)\",\"item\":\"https:\\\/\\\/cefanl.be\\\/index.php\\\/implantations\\\/cefa-bomal\\\/\"},{\"@type\":\"ListItem\",\"position\":4,\"name\":\"Soir\u00e9e Afterwork d\u00e9couverte \u00e0 Bomal\"}]},{\"@type\":\"WebSite\",\"@id\":\"https:\\\/\\\/cefanl.be\\\/#website\",\"url\":\"https:\\\/\\\/cefanl.be\\\/\",\"name\":\"CEFA Nord-Luxembourg\",\"description\":\"Bastogne - Bomal - Aywaille - Erez\u00e9e - Vielsalm\",\"publisher\":{\"@id\":\"https:\\\/\\\/cefanl.be\\\/#organization\"},\"potentialAction\":[{\"@type\":\"SearchAction\",\"target\":{\"@type\":\"EntryPoint\",\"urlTemplate\":\"https:\\\/\\\/cefanl.be\\\/?s={search_term_string}\"},\"query-input\":{\"@type\":\"PropertyValueSpecification\",\"valueRequired\":true,\"valueName\":\"search_term_string\"}}],\"inLanguage\":\"fr-FR\"},{\"@type\":\"Organization\",\"@id\":\"https:\\\/\\\/cefanl.be\\\/#organization\",\"name\":\"CEFA Nord-Luxembourg\",\"url\":\"https:\\\/\\\/cefanl.be\\\/\",\"logo\":{\"@type\":\"ImageObject\",\"inLanguage\":\"fr-FR\",\"@id\":\"https:\\\/\\\/cefanl.be\\\/#\\\/schema\\\/logo\\\/image\\\/\",\"url\":\"https:\\\/\\\/cefanl.be\\\/wp-content\\\/uploads\\\/2024\\\/08\\\/cropped-Logo-CEFA-TOUS-ARBH-ARMB-ARAY-Erezee-ARMV-ICET-202.jpg\",\"contentUrl\":\"https:\\\/\\\/cefanl.be\\\/wp-content\\\/uploads\\\/2024\\\/08\\\/cropped-Logo-CEFA-TOUS-ARBH-ARMB-ARAY-Erezee-ARMV-ICET-202.jpg\",\"width\":643,\"height\":526,\"caption\":\"CEFA Nord-Luxembourg\"},\"image\":{\"@id\":\"https:\\\/\\\/cefanl.be\\\/#\\\/schema\\\/logo\\\/image\\\/\"},\"sameAs\":[\"https:\\\/\\\/www.facebook.com\\\/CEFA.Bastogne.Bomal.Aywaille.Erezee\\\/\"]}]}<\/script>\n<!-- \/ Yoast SEO plugin. -->","yoast_head_json":{"title":"Soir\u00e9e Afterwork d\u00e9couverte \u00e0 Bomal - CEFA Nord-Luxembourg","description":"Soir\u00e9e afterwork d\u00e9couverte au CEFA de Bomal (Durbuy). D\u00e9couvrez l'alternance, nos options et \u00e9changez avec les employeurs r\u00e9gionaux.","robots":{"index":"index","follow":"follow","max-snippet":"max-snippet:-1","max-image-preview":"max-image-preview:large","max-video-preview":"max-video-preview:-1"},"canonical":"https:\/\/cefanl.be\/index.php\/implantations\/cefa-bomal\/soiree_afterwork_decouverte\/","og_locale":"fr_FR","og_type":"article","og_title":"Soir\u00e9e Afterwork d\u00e9couverte \u00e0 Bomal - CEFA Nord-Luxembourg","og_description":"Soir\u00e9e afterwork d\u00e9couverte au CEFA de Bomal (Durbuy). D\u00e9couvrez l'alternance, nos options et \u00e9changez avec les employeurs r\u00e9gionaux.","og_url":"https:\/\/cefanl.be\/index.php\/implantations\/cefa-bomal\/soiree_afterwork_decouverte\/","og_site_name":"CEFA Nord-Luxembourg","article_publisher":"https:\/\/www.facebook.com\/CEFA.Bastogne.Bomal.Aywaille.Erezee\/","article_modified_time":"2026-05-05T11:31:36+00:00","og_image":[{"width":1024,"height":1024,"url":"https:\/\/cefanl.be\/wp-content\/uploads\/2026\/05\/JPO-Bomal-20260529-1024x1024.png","type":"image\/png"}],"twitter_card":"summary_large_image","twitter_misc":{"Dur\u00e9e de lecture estim\u00e9e":"1 minute"},"schema":{"@context":"https:\/\/schema.org","@graph":[{"@type":"WebPage","@id":"https:\/\/cefanl.be\/index.php\/implantations\/cefa-bomal\/soiree_afterwork_decouverte\/","url":"https:\/\/cefanl.be\/index.php\/implantations\/cefa-bomal\/soiree_afterwork_decouverte\/","name":"Soir\u00e9e Afterwork d\u00e9couverte \u00e0 Bomal - CEFA Nord-Luxembourg","isPartOf":{"@id":"https:\/\/cefanl.be\/#website"},"primaryImageOfPage":{"@id":"https:\/\/cefanl.be\/index.php\/implantations\/cefa-bomal\/soiree_afterwork_decouverte\/#primaryimage"},"image":{"@id":"https:\/\/cefanl.be\/index.php\/implantations\/cefa-bomal\/soiree_afterwork_decouverte\/#primaryimage"},"thumbnailUrl":"https:\/\/cefanl.be\/wp-content\/uploads\/2026\/05\/JPO-Bomal-20260529-scaled.png","datePublished":"2021-04-29T11:02:21+00:00","dateModified":"2026-05-05T11:31:36+00:00","description":"Soir\u00e9e afterwork d\u00e9couverte au CEFA de Bomal (Durbuy). D\u00e9couvrez l'alternance, nos options et \u00e9changez avec les employeurs r\u00e9gionaux.","breadcrumb":{"@id":"https:\/\/cefanl.be\/index.php\/implantations\/cefa-bomal\/soiree_afterwork_decouverte\/#breadcrumb"},"inLanguage":"fr-FR","potentialAction":[{"@type":"ReadAction","target":["https:\/\/cefanl.be\/index.php\/implantations\/cefa-bomal\/soiree_afterwork_decouverte\/"]}]},{"@type":"ImageObject","inLanguage":"fr-FR","@id":"https:\/\/cefanl.be\/index.php\/implantations\/cefa-bomal\/soiree_afterwork_decouverte\/#primaryimage","url":"https:\/\/cefanl.be\/wp-content\/uploads\/2026\/05\/JPO-Bomal-20260529-scaled.png","contentUrl":"https:\/\/cefanl.be\/wp-content\/uploads\/2026\/05\/JPO-Bomal-20260529-scaled.png","width":2560,"height":2560},{"@type":"BreadcrumbList","@id":"https:\/\/cefanl.be\/index.php\/implantations\/cefa-bomal\/soiree_afterwork_decouverte\/#breadcrumb","itemListElement":[{"@type":"ListItem","position":1,"name":"Accueil","item":"https:\/\/cefanl.be\/"},{"@type":"ListItem","position":2,"name":"IMPLANTATIONS","item":"https:\/\/cefanl.be\/index.php\/implantations\/"},{"@type":"ListItem","position":3,"name":"CEFA BOMAL (Durbuy)","item":"https:\/\/cefanl.be\/index.php\/implantations\/cefa-bomal\/"},{"@type":"ListItem","position":4,"name":"Soir\u00e9e Afterwork d\u00e9couverte \u00e0 Bomal"}]},{"@type":"WebSite","@id":"https:\/\/cefanl.be\/#website","url":"https:\/\/cefanl.be\/","name":"CEFA Nord-Luxembourg","description":"Bastogne - Bomal - Aywaille - Erez\u00e9e - Vielsalm","publisher":{"@id":"https:\/\/cefanl.be\/#organization"},"potentialAction":[{"@type":"SearchAction","target":{"@type":"EntryPoint","urlTemplate":"https:\/\/cefanl.be\/?s={search_term_string}"},"query-input":{"@type":"PropertyValueSpecification","valueRequired":true,"valueName":"search_term_string"}}],"inLanguage":"fr-FR"},{"@type":"Organization","@id":"https:\/\/cefanl.be\/#organization","name":"CEFA Nord-Luxembourg","url":"https:\/\/cefanl.be\/","logo":{"@type":"ImageObject","inLanguage":"fr-FR","@id":"https:\/\/cefanl.be\/#\/schema\/logo\/image\/","url":"https:\/\/cefanl.be\/wp-content\/uploads\/2024\/08\/cropped-Logo-CEFA-TOUS-ARBH-ARMB-ARAY-Erezee-ARMV-ICET-202.jpg","contentUrl":"https:\/\/cefanl.be\/wp-content\/uploads\/2024\/08\/cropped-Logo-CEFA-TOUS-ARBH-ARMB-ARAY-Erezee-ARMV-ICET-202.jpg","width":643,"height":526,"caption":"CEFA Nord-Luxembourg"},"image":{"@id":"https:\/\/cefanl.be\/#\/schema\/logo\/image\/"},"sameAs":["https:\/\/www.facebook.com\/CEFA.Bastogne.Bomal.Aywaille.Erezee\/"]}]}},"uagb_featured_image_src":{"full":["https:\/\/cefanl.be\/wp-content\/uploads\/2026\/05\/JPO-Bomal-20260529-scaled.png",2560,2560,false],"thumbnail":["https:\/\/cefanl.be\/wp-content\/uploads\/2026\/05\/JPO-Bomal-20260529-scaled.png",150,150,true],"medium":["https:\/\/cefanl.be\/wp-content\/uploads\/2026\/05\/JPO-Bomal-20260529-scaled.png",300,300,true],"medium_large":["https:\/\/cefanl.be\/wp-content\/uploads\/2026\/05\/JPO-Bomal-20260529-scaled.png",768,768,true],"large":["https:\/\/cefanl.be\/wp-content\/uploads\/2026\/05\/JPO-Bomal-20260529-scaled.png",1024,1024,true],"etfrtb_logo":["https:\/\/cefanl.be\/wp-content\/uploads\/2026\/05\/JPO-Bomal-20260529-scaled.png",200,200,true],"1536x1536":["https:\/\/cefanl.be\/wp-content\/uploads\/2026\/05\/JPO-Bomal-20260529-scaled.png",1536,1536,true],"2048x2048":["https:\/\/cefanl.be\/wp-content\/uploads\/2026\/05\/JPO-Bomal-20260529-scaled.png",2048,2048,true],"tc-grid-full":["https:\/\/cefanl.be\/wp-content\/uploads\/2026\/05\/JPO-Bomal-20260529-scaled.png",1110,444,true],"tc-grid":["https:\/\/cefanl.be\/wp-content\/uploads\/2026\/05\/JPO-Bomal-20260529-scaled.png",570,350,true],"tc-thumb":["https:\/\/cefanl.be\/wp-content\/uploads\/2026\/05\/JPO-Bomal-20260529-scaled.png",270,250,true],"slider-full":["https:\/\/cefanl.be\/wp-content\/uploads\/2026\/05\/JPO-Bomal-20260529-scaled.png",4000,500,true],"slider":["https:\/\/cefanl.be\/wp-content\/uploads\/2026\/05\/JPO-Bomal-20260529-scaled.png",1110,500,true],"tc-sq-thumb":["https:\/\/cefanl.be\/wp-content\/uploads\/2026\/05\/JPO-Bomal-20260529-scaled.png",510,510,true],"tc-ws-thumb":["https:\/\/cefanl.be\/wp-content\/uploads\/2026\/05\/JPO-Bomal-20260529-scaled.png",1110,624,true],"tc-ws-small-thumb":["https:\/\/cefanl.be\/wp-content\/uploads\/2026\/05\/JPO-Bomal-20260529-scaled.png",528,297,true],"tc-slider-small":["https:\/\/cefanl.be\/wp-content\/uploads\/2026\/05\/JPO-Bomal-20260529-scaled.png",517,235,true]},"uagb_author_info":{"display_name":"Geoffrey Plat\u00e9us","author_link":"https:\/\/cefanl.be\/index.php\/author\/admin2186\/"},"uagb_comment_info":0,"uagb_excerpt":"Le CEFA Nord-Luxembourg de Bomal vous invite \u00e0 participer \u00e0 une soir\u00e9e afterwork d\u00e9couverte de notre implantation ce vendredi 29 mai 2026 \u00e0 partir de 16h30. Un afterwork convivial qui vous permettra de d\u00e9couvrir notre \u00e9cole, nos options et d&rsquo;\u00e9changer avec les employeurs de la r\u00e9gion. Portes ouvertes \u00e9galement \u00e0 l&rsquo;Ath\u00e9n\u00e9e de Bomal entre 16h30\u2026","jetpack_sharing_enabled":true,"_links":{"self":[{"href":"https:\/\/cefanl.be\/index.php\/wp-json\/wp\/v2\/pages\/1300","targetHints":{"allow":["GET"]}}],"collection":[{"href":"https:\/\/cefanl.be\/index.php\/wp-json\/wp\/v2\/pages"}],"about":[{"href":"https:\/\/cefanl.be\/index.php\/wp-json\/wp\/v2\/types\/page"}],"author":[{"embeddable":true,"href":"https:\/\/cefanl.be\/index.php\/wp-json\/wp\/v2\/users\/1"}],"replies":[{"embeddable":true,"href":"https:\/\/cefanl.be\/index.php\/wp-json\/wp\/v2\/comments?post=1300"}],"version-history":[{"count":13,"href":"https:\/\/cefanl.be\/index.php\/wp-json\/wp\/v2\/pages\/1300\/revisions"}],"predecessor-version":[{"id":5271,"href":"https:\/\/cefanl.be\/index.php\/wp-json\/wp\/v2\/pages\/1300\/revisions\/5271"}],"up":[{"embeddable":true,"href":"https:\/\/cefanl.be\/index.php\/wp-json\/wp\/v2\/pages\/299"}],"wp:featuredmedia":[{"embeddable":true,"href":"https:\/\/cefanl.be\/index.php\/wp-json\/wp\/v2\/media\/5270"}],"wp:attachment":[{"href":"https:\/\/cefanl.be\/index.php\/wp-json\/wp\/v2\/media?parent=1300"}],"curies":[{"name":"wp","href":"https:\/\/api.w.org\/{rel}","templated":true}]}}